Last updated on 2024-08-16 12:49:20 CEST.
Flavor | Version | Tinstall | Tcheck | Ttotal | Status | Flags |
---|---|---|---|---|---|---|
r-devel-linux-x86_64-debian-clang | 0.7.2 | 4.06 | 31.88 | 35.94 | NOTE | |
r-devel-linux-x86_64-debian-gcc | 0.7.2 | 3.08 | 24.06 | 27.14 | NOTE | |
r-devel-linux-x86_64-fedora-clang | 0.7.2 | 57.44 | OK | |||
r-devel-linux-x86_64-fedora-gcc | 0.7.2 | 53.88 | OK | |||
r-devel-windows-x86_64 | 0.7.2 | 7.00 | 56.00 | 63.00 | NOTE | |
r-patched-linux-x86_64 | 0.7.2 | 7.29 | 30.42 | 37.71 | OK | |
r-release-linux-x86_64 | 0.7.2 | 3.47 | 30.20 | 33.67 | OK | |
r-release-macos-arm64 | 0.7.2 | 21.00 | OK | |||
r-release-macos-x86_64 | 0.7.2 | 30.00 | OK | |||
r-release-windows-x86_64 | 0.7.2 | 7.00 | 56.00 | 63.00 | OK | |
r-oldrel-macos-arm64 | 0.7.2 | 21.00 | OK | |||
r-oldrel-macos-x86_64 | 0.7.2 | 31.00 | OK | |||
r-oldrel-windows-x86_64 | 0.7.2 | 8.00 | 58.00 | 66.00 | OK |
Version: 0.7.2
Check: Rd cross-references
Result: NOTE
Found the following Rd file(s) with Rd \link{} targets missing package
anchors:
renderDropdownMenu.Rd: HTML
renderMenu.Rd: HTML, uiOutput
renderValueBox.Rd: HTML
tabBox.Rd: tabPanel
Please provide package anchors for all Rd \link{} targets not in the
package itself and the base packages.
Flavors: r-devel-linux-x86_64-debian-clang, r-devel-linux-x86_64-debian-gcc, r-devel-windows-x86_64