CRAN Package Check Results for Package shinyRGL

Last updated on 2025-04-29 13:51:40 CEST.

Flavor Version Tinstall Tcheck Ttotal Status Flags
r-devel-linux-x86_64-debian-clang 0.1.0 3.44 34.77 38.21 NOTE
r-devel-linux-x86_64-debian-gcc 0.1.0 2.98 29.27 32.25 NOTE
r-devel-linux-x86_64-fedora-clang 0.1.0 66.42 OK
r-devel-linux-x86_64-fedora-gcc 0.1.0 59.17 OK
r-devel-windows-x86_64 0.1.0 5.00 58.00 63.00 OK
r-patched-linux-x86_64 0.1.0 4.02 33.05 37.07 OK
r-release-linux-x86_64 0.1.0 3.98 33.44 37.42 OK
r-release-macos-arm64 0.1.0 21.00 OK
r-release-macos-x86_64 0.1.0 30.00 OK
r-release-windows-x86_64 0.1.0 7.00 60.00 67.00 OK
r-oldrel-macos-arm64 0.1.0 21.00 OK
r-oldrel-macos-x86_64 0.1.0 33.00 OK
r-oldrel-windows-x86_64 0.1.0 7.00 63.00 70.00 OK

Check Details

Version: 0.1.0
Check: CRAN incoming feasibility
Result: NOTE Maintainer: ‘Jeff Allen <jeff@trestletech.com>’ No Authors@R field in DESCRIPTION. Please add one, modifying Authors@R: c(person(given = "Trestle", family = "Technology", role = "aut"), person(family = "LLC.", role = "aut"), person(given = "Jeff", family = "Allen", role = "cre", email = "jeff@trestletech.com")) as necessary. Flavors: r-devel-linux-x86_64-debian-clang, r-devel-linux-x86_64-debian-gcc