CRAN Package Check Results for Package shinyMonacoEditor

Last updated on 2025-05-19 12:50:17 CEST.

Flavor Version Tinstall Tcheck Ttotal Status Flags
r-devel-linux-x86_64-debian-clang 1.1.0 5.09 28.38 33.47 OK
r-devel-linux-x86_64-debian-gcc 1.1.0 3.53 22.26 25.79 OK
r-devel-linux-x86_64-fedora-clang 1.1.0 51.28 OK
r-devel-linux-x86_64-fedora-gcc 1.1.0 51.52 OK
r-devel-windows-x86_64 1.1.0 10.00 57.00 67.00 OK
r-patched-linux-x86_64 1.1.0 4.84 27.03 31.87 OK
r-release-linux-x86_64 1.1.0 4.44 27.22 31.66 OK
r-release-macos-arm64 1.1.0 24.00 OK
r-release-macos-x86_64 1.1.0 42.00 OK
r-release-windows-x86_64 1.1.0 10.00 57.00 67.00 OK
r-oldrel-macos-arm64 1.1.0 21.00 NOTE
r-oldrel-macos-x86_64 1.1.0 30.00 NOTE
r-oldrel-windows-x86_64 1.1.0 10.00 54.00 64.00 NOTE

Check Details

Version: 1.1.0
Check: package dependencies
Result: NOTE Package suggested but not available for checking: ‘uchardet’ Flavors: r-oldrel-macos-arm64, r-oldrel-macos-x86_64

Version: 1.1.0
Check: installed package size
Result: NOTE installed size is 21.1Mb sub-directories of 1Mb or more: shinyApp 21.0Mb Flavors: r-oldrel-macos-arm64, r-oldrel-macos-x86_64, r-oldrel-windows-x86_64

Version: 1.1.0
Check: LazyData
Result: NOTE 'LazyData' is specified without a 'data' directory Flavors: r-oldrel-macos-arm64, r-oldrel-macos-x86_64, r-oldrel-windows-x86_64