CRAN Package Check Results for Package shinyMolBio

Last updated on 2025-04-29 01:49:47 CEST.

Flavor Version Tinstall Tcheck Ttotal Status Flags
r-devel-linux-x86_64-debian-clang 0.2 8.04 59.73 67.77 OK
r-devel-linux-x86_64-debian-gcc 0.2 5.91 46.23 52.14 OK
r-devel-linux-x86_64-fedora-clang 0.2 116.64 OK
r-devel-linux-x86_64-fedora-gcc 0.2 100.36 OK
r-devel-windows-x86_64 0.2 11.00 76.00 87.00 OK
r-patched-linux-x86_64 0.2 8.82 62.76 71.58 OK
r-release-linux-x86_64 0.2 6.79 61.76 68.55 OK
r-release-macos-arm64 0.2 38.00 OK
r-release-macos-x86_64 0.2 57.00 OK
r-release-windows-x86_64 0.2 10.00 95.00 105.00 OK
r-oldrel-macos-arm64 0.2 32.00 NOTE
r-oldrel-macos-x86_64 0.2 47.00 NOTE
r-oldrel-windows-x86_64 0.2 12.00 95.00 107.00 NOTE

Check Details

Version: 0.2
Check: LazyData
Result: NOTE 'LazyData' is specified without a 'data' directory Flavors: r-oldrel-macos-arm64, r-oldrel-macos-x86_64, r-oldrel-windows-x86_64