Last updated on 2025-04-29 01:49:47 CEST.
Flavor | Version | Tinstall | Tcheck | Ttotal | Status | Flags |
---|---|---|---|---|---|---|
r-devel-linux-x86_64-debian-clang | 0.1 | 12.41 | 89.21 | 101.62 | OK | |
r-devel-linux-x86_64-debian-gcc | 0.1 | 9.07 | 65.14 | 74.21 | NOTE | |
r-devel-linux-x86_64-fedora-clang | 0.1 | 156.38 | OK | |||
r-devel-linux-x86_64-fedora-gcc | 0.1 | 149.94 | OK | |||
r-devel-windows-x86_64 | 0.1 | 13.00 | 96.00 | 109.00 | OK | |
r-patched-linux-x86_64 | 0.1 | 10.32 | 85.58 | 95.90 | OK | |
r-release-linux-x86_64 | 0.1 | 10.34 | 86.54 | 96.88 | OK | |
r-release-macos-arm64 | 0.1 | 51.00 | OK | |||
r-release-macos-x86_64 | 0.1 | 83.00 | OK | |||
r-release-windows-x86_64 | 0.1 | 16.00 | 97.00 | 113.00 | OK | |
r-oldrel-macos-arm64 | 0.1 | 38.00 | NOTE | |||
r-oldrel-macos-x86_64 | 0.1 | 64.00 | NOTE | |||
r-oldrel-windows-x86_64 | 0.1 | 18.00 | 117.00 | 135.00 | NOTE |
Version: 0.1
Check: CRAN incoming feasibility
Result: NOTE
Maintainer: ‘Huseyin Yildiz <huseyinyildiz35@gmail.com>’
No Authors@R field in DESCRIPTION.
Please add one, modifying
Authors@R: person(given = "Huseyin",
family = "Yildiz",
role = c("aut", "cre"),
email = "huseyinyildiz35@gmail.com")
as necessary.
Flavor: r-devel-linux-x86_64-debian-gcc
Version: 0.1
Check: LazyData
Result: NOTE
'LazyData' is specified without a 'data' directory
Flavors: r-oldrel-macos-arm64, r-oldrel-macos-x86_64, r-oldrel-windows-x86_64