CRAN Package Check Results for Package sharpeRratio

Last updated on 2025-07-20 12:49:37 CEST.

Flavor Version Tinstall Tcheck Ttotal Status Flags
r-devel-linux-x86_64-debian-clang 1.4.3 11.14 27.47 38.61 NOTE
r-devel-linux-x86_64-debian-gcc 1.4.3 7.84 22.36 30.20 NOTE
r-devel-linux-x86_64-fedora-clang 1.4.3 64.76 OK
r-devel-linux-x86_64-fedora-gcc 1.4.3 59.68 OK
r-devel-windows-x86_64 1.4.3 13.00 64.00 77.00 OK
r-patched-linux-x86_64 1.4.3 11.13 26.23 37.36 OK
r-release-linux-x86_64 1.4.3 11.08 25.75 36.83 OK
r-release-macos-arm64 1.4.3 25.00 OK
r-release-macos-x86_64 1.4.3 39.00 OK
r-release-windows-x86_64 1.4.3 14.00 66.00 80.00 OK
r-oldrel-macos-arm64 1.4.3 23.00 OK
r-oldrel-macos-x86_64 1.4.3 34.00 OK
r-oldrel-windows-x86_64 1.4.3 14.00 75.00 89.00 OK

Check Details

Version: 1.4.3
Check: CRAN incoming feasibility
Result: NOTE Maintainer: ‘Damien Challet <damien.challet@gmail.com>’ No Authors@R field in DESCRIPTION. Please add one, modifying Authors@R: person(given = "Damien", family = "Challet", role = c("aut", "cre"), email = "damien.challet@gmail.com") as necessary. The Description field contains signal-to-noise ratio, for heavy-tailed data (see <arXiv:1505.01333>). Please refer to arXiv e-prints via their arXiv DOI <doi:10.48550/arXiv.YYMM.NNNNN>. Flavors: r-devel-linux-x86_64-debian-clang, r-devel-linux-x86_64-debian-gcc