Last updated on 2024-08-16 12:49:20 CEST.
Flavor | Version | Tinstall | Tcheck | Ttotal | Status | Flags |
---|---|---|---|---|---|---|
r-devel-linux-x86_64-debian-clang | 2.3 | 6.68 | 298.80 | 305.48 | NOTE | |
r-devel-linux-x86_64-debian-gcc | 2.3 | 5.47 | 195.36 | 200.83 | NOTE | |
r-devel-linux-x86_64-fedora-clang | 2.3 | 507.05 | OK | |||
r-devel-linux-x86_64-fedora-gcc | 2.3 | 490.99 | OK | |||
r-devel-windows-x86_64 | 2.3 | 10.00 | 273.00 | 283.00 | NOTE | |
r-patched-linux-x86_64 | 2.3 | 11.75 | 276.90 | 288.65 | OK | |
r-release-linux-x86_64 | 2.3 | 7.33 | 283.12 | 290.45 | OK | |
r-release-macos-arm64 | 2.3 | 128.00 | OK | |||
r-release-macos-x86_64 | 2.3 | 221.00 | OK | |||
r-release-windows-x86_64 | 2.3 | 10.00 | 268.00 | 278.00 | OK | |
r-oldrel-macos-arm64 | 2.3 | 131.00 | OK | |||
r-oldrel-macos-x86_64 | 2.3 | 269.00 | OK | |||
r-oldrel-windows-x86_64 | 2.3 | 11.00 | 349.00 | 360.00 | OK |
Version: 2.3
Check: Rd cross-references
Result: NOTE
Found the following Rd file(s) with Rd \link{} targets missing package
anchors:
classify_habitats.Rd: classIntervals
get_dist_pairs.Rd: pcf.ppp
pack_randomized.Rd: wrap
unpack_randomized.Rd: wrap
Please provide package anchors for all Rd \link{} targets not in the
package itself and the base packages.
Flavors: r-devel-linux-x86_64-debian-clang, r-devel-linux-x86_64-debian-gcc, r-devel-windows-x86_64