Last updated on 2025-07-19 13:50:25 CEST.
Flavor | Version | Tinstall | Tcheck | Ttotal | Status | Flags |
---|---|---|---|---|---|---|
r-devel-linux-x86_64-debian-clang | 0.1.2 | 4.72 | 53.16 | 57.88 | NOTE | |
r-devel-linux-x86_64-debian-gcc | 0.1.2 | 3.43 | 38.24 | 41.67 | NOTE | |
r-devel-linux-x86_64-fedora-clang | 0.1.2 | 93.95 | OK | |||
r-devel-linux-x86_64-fedora-gcc | 0.1.2 | 100.96 | OK | |||
r-devel-windows-x86_64 | 0.1.2 | 7.00 | 70.00 | 77.00 | OK | |
r-patched-linux-x86_64 | 0.1.2 | 5.43 | 49.01 | 54.44 | OK | |
r-release-linux-x86_64 | 0.1.2 | 4.89 | 50.13 | 55.02 | OK | |
r-release-macos-arm64 | 0.1.2 | 35.00 | OK | |||
r-release-macos-x86_64 | 0.1.2 | 64.00 | OK | |||
r-release-windows-x86_64 | 0.1.2 | 8.00 | 67.00 | 75.00 | OK | |
r-oldrel-macos-arm64 | 0.1.2 | 33.00 | OK | |||
r-oldrel-macos-x86_64 | 0.1.2 | 56.00 | OK | |||
r-oldrel-windows-x86_64 | 0.1.2 | 9.00 | 89.00 | 98.00 | OK |
Version: 0.1.2
Check: CRAN incoming feasibility
Result: NOTE
Maintainer: ‘Thomas Vigie <vigiethomas@gmail.com>’
No Authors@R field in DESCRIPTION.
Please add one, modifying
Authors@R: person(given = "Thomas",
family = "Vigie",
role = c("aut", "cre"),
email = "vigiethomas@gmail.com")
as necessary.
Flavors: r-devel-linux-x86_64-debian-clang, r-devel-linux-x86_64-debian-gcc