Last updated on 2024-06-30 00:59:26 CEST.
Flavor | Version | Tinstall | Tcheck | Ttotal | Status | Flags |
---|---|---|---|---|---|---|
r-devel-linux-x86_64-debian-clang | 0.8 | 7.39 | 67.50 | 74.89 | OK | |
r-devel-linux-x86_64-debian-gcc | 0.8 | 6.22 | 47.64 | 53.86 | OK | |
r-devel-linux-x86_64-fedora-clang | 0.8 | 89.96 | NOTE | |||
r-devel-linux-x86_64-fedora-gcc | 0.8 | 85.28 | NOTE | |||
r-devel-windows-x86_64 | 0.8 | 8.00 | 64.00 | 72.00 | OK | |
r-patched-linux-x86_64 | 0.8 | 6.61 | 61.70 | 68.31 | OK | |
r-release-linux-x86_64 | 0.8 | 6.72 | 64.08 | 70.80 | OK | |
r-release-macos-arm64 | 0.8 | 29.00 | OK | |||
r-release-macos-x86_64 | 0.8 | 46.00 | OK | |||
r-release-windows-x86_64 | 0.8 | 8.00 | 65.00 | 73.00 | OK | |
r-oldrel-macos-arm64 | 0.8 | 29.00 | OK | |||
r-oldrel-macos-x86_64 | 0.8 | 43.00 | OK | |||
r-oldrel-windows-x86_64 | 0.8 | 9.00 | 78.00 | 87.00 | OK |
Version: 0.8
Check: dependencies in R code
Result: NOTE
Namespace in Imports field not imported from: ‘rlang’
All declared Imports should be used.
Flavors: r-devel-linux-x86_64-fedora-clang, r-devel-linux-x86_64-fedora-gcc