CRAN Package Check Results for Package sfinx

Last updated on 2025-07-18 01:49:28 CEST.

Flavor Version Tinstall Tcheck Ttotal Status Flags
r-devel-linux-x86_64-debian-clang 1.7.99 2.02 26.28 28.30 NOTE
r-devel-linux-x86_64-debian-gcc 1.7.99 1.70 22.11 23.81 NOTE
r-devel-linux-x86_64-fedora-clang 1.7.99 43.19 OK
r-devel-linux-x86_64-fedora-gcc 1.7.99 54.32 OK
r-devel-windows-x86_64 1.7.99 3.00 47.00 50.00 OK
r-patched-linux-x86_64 1.7.99 1.89 23.74 25.63 OK
r-release-linux-x86_64 1.7.99 1.91 23.51 25.42 OK
r-release-macos-arm64 1.7.99 29.00 OK
r-release-macos-x86_64 1.7.99 47.00 OK
r-release-windows-x86_64 1.7.99 3.00 46.00 49.00 OK
r-oldrel-macos-arm64 1.7.99 24.00 OK
r-oldrel-macos-x86_64 1.7.99 51.00 OK
r-oldrel-windows-x86_64 1.7.99 3.00 53.00 56.00 OK

Check Details

Version: 1.7.99
Check: CRAN incoming feasibility
Result: NOTE Maintainer: ‘Kevin Titeca <sfinxinteractomics@gmail.com>’ Package CITATION file contains call(s) to old-style personList() or as.personList(). Please use c() on person objects instead. Package CITATION file contains call(s) to old-style citEntry(). Please use bibentry() instead. Flavors: r-devel-linux-x86_64-debian-clang, r-devel-linux-x86_64-debian-gcc