Last updated on 2025-07-20 12:49:37 CEST.
Flavor | Version | Tinstall | Tcheck | Ttotal | Status | Flags |
---|---|---|---|---|---|---|
r-devel-linux-x86_64-debian-clang | 1.0.0 | 44.44 | 91.10 | 135.54 | NOTE | |
r-devel-linux-x86_64-debian-gcc | 1.0.0 | 33.54 | 61.55 | 95.09 | NOTE | |
r-devel-linux-x86_64-fedora-clang | 1.0.0 | 229.35 | NOTE | |||
r-devel-linux-x86_64-fedora-gcc | 1.0.0 | 231.94 | NOTE | |||
r-devel-windows-x86_64 | 1.0.0 | 50.00 | 121.00 | 171.00 | NOTE | |
r-patched-linux-x86_64 | 1.0.0 | 50.24 | 86.58 | 136.82 | NOTE | |
r-release-linux-x86_64 | 1.0.0 | 49.33 | 85.70 | 135.03 | NOTE | |
r-release-macos-arm64 | 1.0.0 | 64.00 | NOTE | |||
r-release-macos-x86_64 | 1.0.0 | 115.00 | NOTE | |||
r-release-windows-x86_64 | 1.0.0 | 48.00 | 117.00 | 165.00 | NOTE | |
r-oldrel-macos-arm64 | 1.0.0 | 59.00 | OK | |||
r-oldrel-macos-x86_64 | 1.0.0 | 124.00 | OK | |||
r-oldrel-windows-x86_64 | 1.0.0 | 45.00 | 156.00 | 201.00 | OK |
Version: 1.0.0
Check: DESCRIPTION meta-information
Result: NOTE
Missing dependency on R >= 4.1.0 because package code uses the pipe
|> or function shorthand \(...) syntax added in R 4.1.0.
File(s) using such syntax:
‘h_curve.Rd’ ‘sfc_4x4_meander.Rd’ ‘sfc_generator.Rd’
‘spacefilling.Rd’
Flavors: r-devel-linux-x86_64-debian-clang, r-devel-linux-x86_64-debian-gcc, r-devel-linux-x86_64-fedora-clang, r-devel-linux-x86_64-fedora-gcc, r-devel-windows-x86_64, r-patched-linux-x86_64, r-release-linux-x86_64, r-release-macos-arm64, r-release-macos-x86_64, r-release-windows-x86_64