CRAN Package Check Results for Package seqminer

Last updated on 2025-05-07 00:50:36 CEST.

Flavor Version Tinstall Tcheck Ttotal Status Flags
r-devel-linux-x86_64-debian-clang 9.7 92.64 34.34 126.98 OK
r-devel-linux-x86_64-debian-gcc 9.7 70.57 27.08 97.65 OK
r-devel-linux-x86_64-fedora-clang 9.7 255.97 OK
r-devel-linux-x86_64-fedora-gcc 9.7 284.53 OK
r-devel-windows-x86_64 9.7 269.00 99.00 368.00 OK
r-patched-linux-x86_64 9.7 94.76 32.87 127.63 OK
r-release-linux-x86_64 9.7 97.50 32.77 130.27 OK
r-release-macos-arm64 9.7 86.00 OK
r-release-macos-x86_64 9.7 113.00 WARN
r-release-windows-x86_64 9.7 272.00 95.00 367.00 OK
r-oldrel-macos-arm64 9.7 93.00 NOTE
r-oldrel-macos-x86_64 9.7 134.00 WARN
r-oldrel-windows-x86_64 9.7 255.00 120.00 375.00 NOTE

Additional issues

rchk

Check Details

Version: 9.7
Check: whether package can be installed
Result: WARN Found the following significant warnings: SingleChromosomeVCFIndex.cpp:109:51: warning: format specifies type 'long' but the argument has type 'int64_t' (aka 'long long') [-Wformat] See ‘/Volumes/Builds/packages/big-sur-x86_64/results/4.5/seqminer.Rcheck/00install.out’ for details. * used C compiler: ‘Apple clang version 14.0.3 (clang-1403.0.22.14.1)’ * used C++ compiler: ‘Apple clang version 14.0.3 (clang-1403.0.22.14.1)’ * used SDK: ‘MacOSX11.3.sdk’ Flavor: r-release-macos-x86_64

Version: 9.7
Check: installed package size
Result: NOTE installed size is 19.3Mb sub-directories of 1Mb or more: libs 17.8Mb Flavors: r-oldrel-macos-arm64, r-oldrel-macos-x86_64

Version: 9.7
Check: for GNU extensions in Makefiles
Result: NOTE GNU make is a SystemRequirements. Flavors: r-oldrel-macos-arm64, r-oldrel-macos-x86_64, r-oldrel-windows-x86_64

Version: 9.7
Check: whether package can be installed
Result: WARN Found the following significant warnings: SingleChromosomeVCFIndex.cpp:109:51: warning: format specifies type 'long' but the argument has type 'int64_t' (aka 'long long') [-Wformat] See ‘/Volumes/Builds/packages/big-sur-x86_64/results/4.4/seqminer.Rcheck/00install.out’ for details. * used C compiler: ‘Apple clang version 14.0.3 (clang-1403.0.22.14.1)’ * used C++ compiler: ‘Apple clang version 14.0.3 (clang-1403.0.22.14.1)’ * used SDK: ‘MacOSX11.3.sdk’ Flavor: r-oldrel-macos-x86_64