Last updated on 2024-06-30 00:59:26 CEST.
Flavor | Version | Tinstall | Tcheck | Ttotal | Status | Flags |
---|---|---|---|---|---|---|
r-devel-linux-x86_64-debian-clang | 0.2.10 | 5.94 | 189.28 | 195.22 | OK | |
r-devel-linux-x86_64-debian-gcc | 0.2.10 | 3.57 | 134.29 | 137.86 | OK | |
r-devel-linux-x86_64-fedora-clang | 0.2.10 | 239.15 | NOTE | |||
r-devel-linux-x86_64-fedora-gcc | 0.2.10 | 245.02 | OK | |||
r-devel-windows-x86_64 | 0.2.10 | 7.00 | 148.00 | 155.00 | OK | |
r-patched-linux-x86_64 | 0.2.10 | 9.32 | 175.33 | 184.65 | OK | |
r-release-linux-x86_64 | 0.2.10 | 3.43 | 179.85 | 183.28 | OK | |
r-release-macos-arm64 | 0.2.10 | 72.00 | OK | |||
r-release-macos-x86_64 | 0.2.10 | 112.00 | OK | |||
r-release-windows-x86_64 | 0.2.10 | 6.00 | 151.00 | 157.00 | OK | |
r-oldrel-macos-arm64 | 0.2.10 | 68.00 | OK | |||
r-oldrel-macos-x86_64 | 0.2.10 | 112.00 | OK | |||
r-oldrel-windows-x86_64 | 0.2.10 | 7.00 | 187.00 | 194.00 | OK |
Version: 0.2.10
Check: Rd cross-references
Result: NOTE
Undeclared package ‘qgraph’ in Rd xrefs
Flavor: r-devel-linux-x86_64-fedora-clang