Last updated on 2025-05-19 01:50:07 CEST.
Flavor | Version | Tinstall | Tcheck | Ttotal | Status | Flags |
---|---|---|---|---|---|---|
r-devel-linux-x86_64-debian-clang | 2.4.1 | 19.44 | 155.62 | 175.06 | NOTE | |
r-devel-linux-x86_64-debian-gcc | 2.4.1 | 13.72 | 105.68 | 119.40 | NOTE | |
r-devel-linux-x86_64-fedora-clang | 2.4.1 | 280.41 | OK | |||
r-devel-linux-x86_64-fedora-gcc | 2.4.1 | 273.99 | OK | |||
r-devel-windows-x86_64 | 2.4.1 | 21.00 | 147.00 | 168.00 | OK | |
r-patched-linux-x86_64 | 2.4.1 | 17.62 | 143.18 | 160.80 | OK | |
r-release-linux-x86_64 | 2.4.1 | 16.98 | 143.30 | 160.28 | OK | |
r-release-macos-arm64 | 2.4.1 | 69.00 | OK | |||
r-release-macos-x86_64 | 2.4.1 | 130.00 | OK | |||
r-release-windows-x86_64 | 2.4.1 | 22.00 | 140.00 | 162.00 | OK | |
r-oldrel-macos-arm64 | 2.4.1 | 57.00 | OK | |||
r-oldrel-macos-x86_64 | 2.4.1 | 99.00 | OK | |||
r-oldrel-windows-x86_64 | 2.4.1 | 26.00 | 179.00 | 205.00 | OK |
Version: 2.4.1
Check: CRAN incoming feasibility
Result: NOTE
Maintainer: ‘Marko Robnik-Sikonja <marko.robnik@fri.uni-lj.si>’
No Authors@R field in DESCRIPTION.
Please add one, modifying
Authors@R: person(given = "Marko",
family = "Robnik-Sikonja",
role = c("aut", "cre"),
email = "marko.robnik@fri.uni-lj.si")
as necessary.
Flavors: r-devel-linux-x86_64-debian-clang, r-devel-linux-x86_64-debian-gcc