Last updated on 2025-04-29 01:49:47 CEST.
Flavor | Version | Tinstall | Tcheck | Ttotal | Status | Flags |
---|---|---|---|---|---|---|
r-devel-linux-x86_64-debian-clang | 0.1.0 | 2.42 | 467.01 | 469.43 | OK | |
r-devel-linux-x86_64-debian-gcc | 0.1.0 | 1.93 | 284.61 | 286.54 | NOTE | |
r-devel-linux-x86_64-fedora-clang | 0.1.0 | 767.74 | OK | |||
r-devel-linux-x86_64-fedora-gcc | 0.1.0 | 717.38 | OK | |||
r-devel-windows-x86_64 | 0.1.0 | 3.00 | 331.00 | 334.00 | OK | |
r-patched-linux-x86_64 | 0.1.0 | 2.97 | 441.33 | 444.30 | OK | |
r-release-linux-x86_64 | 0.1.0 | 2.74 | 440.44 | 443.18 | OK | |
r-release-macos-arm64 | 0.1.0 | 149.00 | OK | |||
r-release-macos-x86_64 | 0.1.0 | 443.00 | OK | |||
r-release-windows-x86_64 | 0.1.0 | 4.00 | 334.00 | 338.00 | OK | |
r-oldrel-macos-arm64 | 0.1.0 | 149.00 | OK | |||
r-oldrel-macos-x86_64 | 0.1.0 | 439.00 | OK | |||
r-oldrel-windows-x86_64 | 0.1.0 | 5.00 | 513.00 | 518.00 | OK |
Version: 0.1.0
Check: examples
Result: NOTE
Examples with CPU (user + system) or elapsed time > 5s
user system elapsed
store_boot 3.32 0.064 6.391
Flavor: r-devel-linux-x86_64-debian-gcc