Last updated on 2025-04-29 01:49:47 CEST.
Flavor | Version | Tinstall | Tcheck | Ttotal | Status | Flags |
---|---|---|---|---|---|---|
r-devel-linux-x86_64-debian-clang | 3.1-16 | 22.31 | 110.17 | 132.48 | OK | |
r-devel-linux-x86_64-debian-gcc | 3.1-16 | 15.19 | 80.80 | 95.99 | NOTE | |
r-devel-linux-x86_64-fedora-clang | 3.1-16 | 212.84 | OK | |||
r-devel-linux-x86_64-fedora-gcc | 3.1-16 | 200.29 | OK | |||
r-devel-windows-x86_64 | 3.1-16 | 26.00 | 124.00 | 150.00 | OK | |
r-patched-linux-x86_64 | 3.1-16 | 24.95 | 106.74 | 131.69 | OK | |
r-release-linux-x86_64 | 3.1-16 | 21.39 | 106.72 | 128.11 | OK | |
r-release-macos-arm64 | 3.1-16 | 66.00 | OK | |||
r-release-macos-x86_64 | 3.1-16 | 107.00 | OK | |||
r-release-windows-x86_64 | 3.1-16 | 29.00 | 126.00 | 155.00 | OK | |
r-oldrel-macos-arm64 | 3.1-16 | 61.00 | OK | |||
r-oldrel-macos-x86_64 | 3.1-16 | 146.00 | OK | |||
r-oldrel-windows-x86_64 | 3.1-16 | 33.00 | 156.00 | 189.00 | OK |
Version: 3.1-16
Check: examples
Result: NOTE
Examples with CPU (user + system) or elapsed time > 5s
user system elapsed
sem 5.271 0.141 8.315
Flavor: r-devel-linux-x86_64-debian-gcc