Last updated on 2025-02-22 00:50:00 CET.
Flavor | Version | Tinstall | Tcheck | Ttotal | Status | Flags |
---|---|---|---|---|---|---|
r-devel-linux-x86_64-debian-clang | 1.2.5 | 37.28 | 100.48 | 137.76 | OK | |
r-devel-linux-x86_64-debian-gcc | 1.2.5 | 24.52 | 67.25 | 91.77 | OK | |
r-devel-linux-x86_64-fedora-clang | 1.2.5 | 230.26 | OK | |||
r-devel-linux-x86_64-fedora-gcc | 1.2.5 | 213.50 | OK | |||
r-devel-macos-arm64 | 1.2.5 | 60.00 | OK | |||
r-devel-macos-x86_64 | 1.2.5 | 125.00 | OK | |||
r-devel-windows-x86_64 | 1.2.5 | 42.00 | 130.00 | 172.00 | OK | |
r-patched-linux-x86_64 | 1.2.5 | 37.54 | 92.55 | 130.09 | OK | |
r-release-linux-x86_64 | 1.2.5 | 34.79 | 92.50 | 127.29 | OK | |
r-release-macos-arm64 | 1.2.5 | 57.00 | OK | |||
r-release-macos-x86_64 | 1.2.5 | 75.00 | OK | |||
r-release-windows-x86_64 | 1.2.5 | 41.00 | 127.00 | 168.00 | OK | |
r-oldrel-macos-arm64 | 1.2.5 | 63.00 | OK | |||
r-oldrel-macos-x86_64 | 1.2.5 | 115.00 | NOTE | |||
r-oldrel-windows-x86_64 | 1.2.5 | 51.00 | 184.00 | 235.00 | OK |
Version: 1.2.5
Check: package dependencies
Result: NOTE
Package suggested but not available for checking: ‘Rmpfr’
Flavor: r-oldrel-macos-x86_64