Last updated on 2025-05-18 12:50:15 CEST.
Flavor | Version | Tinstall | Tcheck | Ttotal | Status | Flags |
---|---|---|---|---|---|---|
r-devel-linux-x86_64-debian-clang | 0.8.0 | 142.55 | 43.31 | 185.86 | OK | |
r-devel-linux-x86_64-debian-gcc | 0.8.0 | 97.66 | 32.96 | 130.62 | OK | |
r-devel-linux-x86_64-fedora-clang | 0.8.0 | 414.26 | OK | |||
r-devel-linux-x86_64-fedora-gcc | 0.8.0 | 387.39 | OK | |||
r-devel-windows-x86_64 | 0.8.0 | 166.00 | 84.00 | 250.00 | OK | |
r-patched-linux-x86_64 | 0.8.0 | 139.23 | 40.33 | 179.56 | OK | |
r-release-linux-x86_64 | 0.8.0 | 132.98 | 39.13 | 172.11 | OK | |
r-release-macos-arm64 | 0.8.0 | 77.00 | OK | |||
r-release-macos-x86_64 | 0.8.0 | 39.00 | ERROR | |||
r-release-windows-x86_64 | 0.8.0 | 163.00 | 93.00 | 256.00 | OK | |
r-oldrel-macos-arm64 | 0.8.0 | 76.00 | NOTE | |||
r-oldrel-macos-x86_64 | 0.8.0 | 61.00 | NOTE | |||
r-oldrel-windows-x86_64 | 0.7.0 | 111.00 | 101.00 | 212.00 | OK |
Version: 0.8.0
Check: whether package can be installed
Result: ERROR
Installation failed.
Flavor: r-release-macos-x86_64
Version: 0.8.0
Check: installed package size
Result: NOTE
installed size is 6.8Mb
sub-directories of 1Mb or more:
libs 6.3Mb
Flavors: r-oldrel-macos-arm64, r-oldrel-macos-x86_64