Last updated on 2025-07-20 12:49:36 CEST.
Flavor | Version | Tinstall | Tcheck | Ttotal | Status | Flags |
---|---|---|---|---|---|---|
r-devel-linux-x86_64-debian-clang | 3.2.7 | 8.66 | 21.66 | 30.32 | OK | |
r-devel-linux-x86_64-debian-gcc | 3.2.7 | 8.99 | 18.64 | 27.63 | OK | |
r-devel-linux-x86_64-fedora-clang | 3.2.7 | 48.77 | OK | |||
r-devel-linux-x86_64-fedora-gcc | 3.2.7 | 53.47 | OK | |||
r-devel-windows-x86_64 | 3.2.7 | 40.00 | 47.00 | 87.00 | OK | |
r-patched-linux-x86_64 | 3.2.7 | 11.61 | 20.43 | 32.04 | OK | |
r-release-linux-x86_64 | 3.2.7 | 12.15 | 21.12 | 33.27 | OK | |
r-release-macos-arm64 | 3.2.7 | 44.00 | OK | |||
r-release-macos-x86_64 | 3.2.7 | 65.00 | OK | |||
r-release-windows-x86_64 | 3.2.7 | 40.00 | 45.00 | 85.00 | OK | |
r-oldrel-macos-arm64 | 3.2.7 | 40.00 | NOTE | |||
r-oldrel-macos-x86_64 | 3.2.7 | 58.00 | NOTE | |||
r-oldrel-windows-x86_64 | 3.2.7 | 39.00 | 48.00 | 87.00 | NOTE |
Version: 3.2.7
Check: for GNU extensions in Makefiles
Result: NOTE
GNU make is a SystemRequirements.
Flavors: r-oldrel-macos-arm64, r-oldrel-macos-x86_64, r-oldrel-windows-x86_64