CRAN Package Check Results for Package scquantum

Last updated on 2025-05-20 12:50:09 CEST.

Flavor Version Tinstall Tcheck Ttotal Status Flags
r-devel-linux-x86_64-debian-clang 1.0.0 2.68 18.84 21.52 OK
r-devel-linux-x86_64-debian-gcc 1.0.0 2.05 15.44 17.49 OK
r-devel-linux-x86_64-fedora-clang 1.0.0 34.27 NOTE
r-devel-linux-x86_64-fedora-gcc 31.69 OK
r-devel-windows-x86_64 1.0.0 5.00 82.00 87.00 OK
r-patched-linux-x86_64 1.0.0 2.67 18.18 20.85 OK
r-release-linux-x86_64 1.0.0 2.38 18.21 20.59 OK
r-release-macos-arm64 1.0.0 24.00 OK
r-release-macos-x86_64 1.0.0 28.00 OK
r-release-windows-x86_64 1.0.0 7.00 52.00 59.00 OK
r-oldrel-macos-arm64 1.0.0 15.00 OK
r-oldrel-macos-x86_64 1.0.0 23.00 OK
r-oldrel-windows-x86_64 1.0.0 6.00 45.00 51.00 OK

Check Details

Version: 1.0.0
Check: compiled code
Result: NOTE File ‘scquantum/libs/scquantum.so’: Found no calls to: ‘R_registerRoutines’, ‘R_useDynamicSymbols’ It is good practice to register native routines and to disable symbol search. See ‘Writing portable packages’ in the ‘Writing R Extensions’ manual. Flavor: r-devel-linux-x86_64-fedora-clang