CRAN Package Check Results for Package scout

Last updated on 2025-05-19 12:50:16 CEST.

Flavor Version Tinstall Tcheck Ttotal Status Flags
r-devel-linux-x86_64-debian-clang 1.0.4 3.62 23.04 26.66 NOTE
r-devel-linux-x86_64-debian-gcc 1.0.4 2.61 18.47 21.08 NOTE
r-devel-linux-x86_64-fedora-clang 1.0.4 42.00 NOTE
r-devel-linux-x86_64-fedora-gcc 1.0.4 39.44 NOTE
r-devel-windows-x86_64 1.0.4 5.00 149.00 154.00 OK
r-patched-linux-x86_64 1.0.4 3.29 22.26 25.55 OK
r-release-linux-x86_64 1.0.4 3.24 22.12 25.36 OK
r-release-macos-arm64 1.0.4 24.00 OK
r-release-macos-x86_64 1.0.4 38.00 OK
r-release-windows-x86_64 1.0.4 5.00 48.00 53.00 OK
r-oldrel-macos-arm64 1.0.4 17.00 OK
r-oldrel-macos-x86_64 1.0.4 31.00 OK
r-oldrel-windows-x86_64 1.0.4 5.00 45.00 50.00 OK

Check Details

Version: 1.0.4
Check: CRAN incoming feasibility
Result: NOTE Maintainer: ‘Daniela M. Witten <dwitten@uw.edu>’ No Authors@R field in DESCRIPTION. Please add one, modifying Authors@R: c(person(given = c("Daniela", "M."), family = "Witten", role = c("aut", "cre"), email = "dwitten@uw.edu"), person(given = "Robert", family = "Tibshirani", role = "aut")) as necessary. Flavors: r-devel-linux-x86_64-debian-clang, r-devel-linux-x86_64-debian-gcc

Version: 1.0.4
Check: compiled code
Result: NOTE File ‘scout/libs/scout.so’: Found no calls to: ‘R_registerRoutines’, ‘R_useDynamicSymbols’ It is good practice to register native routines and to disable symbol search. See ‘Writing portable packages’ in the ‘Writing R Extensions’ manual. Flavors: r-devel-linux-x86_64-fedora-clang, r-devel-linux-x86_64-fedora-gcc