Last updated on 2024-08-16 12:49:19 CEST.
Flavor | Version | Tinstall | Tcheck | Ttotal | Status | Flags |
---|---|---|---|---|---|---|
r-devel-linux-x86_64-debian-clang | 0.0.1.0 | 11.33 | 89.40 | 100.73 | NOTE | |
r-devel-linux-x86_64-debian-gcc | 0.0.1.0 | 8.13 | 62.19 | 70.32 | NOTE | |
r-devel-linux-x86_64-fedora-clang | 0.0.1.0 | 163.90 | NOTE | |||
r-devel-linux-x86_64-fedora-gcc | 0.0.1.0 | 152.59 | NOTE | |||
r-devel-windows-x86_64 | 0.0.1.0 | 14.00 | 103.00 | 117.00 | NOTE | |
r-patched-linux-x86_64 | 0.0.1.0 | 12.32 | 84.76 | 97.08 | NOTE | |
r-release-linux-x86_64 | 0.0.1.0 | 11.57 | 85.04 | 96.61 | NOTE | |
r-release-macos-arm64 | 0.0.1.0 | 46.00 | NOTE | |||
r-release-macos-x86_64 | 0.0.1.0 | 65.00 | NOTE | |||
r-release-windows-x86_64 | 0.0.1.0 | 14.00 | 102.00 | 116.00 | NOTE | |
r-oldrel-macos-arm64 | 0.0.1.0 | 48.00 | NOTE | |||
r-oldrel-macos-x86_64 | 0.0.1.0 | 79.00 | NOTE | |||
r-oldrel-windows-x86_64 | 0.0.1.0 | 17.00 | 125.00 | 142.00 | NOTE |
Version: 0.0.1.0
Check: LazyData
Result: NOTE
'LazyData' is specified without a 'data' directory
Flavors: r-devel-linux-x86_64-debian-clang, r-devel-linux-x86_64-debian-gcc, r-devel-linux-x86_64-fedora-clang, r-devel-linux-x86_64-fedora-gcc, r-devel-windows-x86_64, r-patched-linux-x86_64, r-release-linux-x86_64, r-release-macos-arm64, r-release-macos-x86_64, r-release-windows-x86_64, r-oldrel-macos-arm64, r-oldrel-macos-x86_64, r-oldrel-windows-x86_64