CRAN Package Check Results for Package scimo

Last updated on 2025-05-23 12:49:39 CEST.

Flavor Version Tinstall Tcheck Ttotal Status Flags
r-devel-linux-x86_64-debian-clang 0.0.2 10.98 261.23 272.21 NOTE
r-devel-linux-x86_64-debian-gcc 0.0.2 10.15 197.30 207.45 NOTE
r-devel-linux-x86_64-fedora-clang 0.0.2 411.07 OK
r-devel-linux-x86_64-fedora-gcc 0.0.2 420.65 OK
r-devel-windows-x86_64 0.0.2 14.00 236.00 250.00 NOTE
r-patched-linux-x86_64 0.0.2 13.48 245.53 259.01 NOTE
r-release-linux-x86_64 0.0.2 12.06 253.07 265.13 NOTE
r-release-macos-arm64 0.0.2 152.00 OK
r-release-macos-x86_64 0.0.2 312.00 OK
r-release-windows-x86_64 0.0.2 12.00 241.00 253.00 NOTE
r-oldrel-macos-arm64 0.0.2 136.00 OK
r-oldrel-macos-x86_64 0.0.2 337.00 OK
r-oldrel-windows-x86_64 0.0.2 18.00 326.00 344.00 OK

Check Details

Version: 0.0.2
Check: Rd cross-references
Result: NOTE Found the following Rd file(s) with Rd \link{} targets missing package anchors: step_aggregate_hclust.Rd: selections, bake, prep step_aggregate_list.Rd: selections, bake, prep step_rownormalize_tss.Rd: selections, bake, prep step_select_background.Rd: selections, bake, prep step_select_cv.Rd: selections, bake, prep step_select_kruskal.Rd: selections, bake, prep step_select_wilcoxon.Rd: selections, bake, prep step_taxonomy.Rd: selections, bake, prep Please provide package anchors for all Rd \link{} targets not in the package itself and the base packages. Flavors: r-devel-linux-x86_64-debian-clang, r-devel-linux-x86_64-debian-gcc, r-devel-windows-x86_64, r-patched-linux-x86_64, r-release-linux-x86_64, r-release-windows-x86_64