Last updated on 2025-02-22 00:49:59 CET.
Flavor | Version | Tinstall | Tcheck | Ttotal | Status | Flags |
---|---|---|---|---|---|---|
r-devel-linux-x86_64-debian-clang | 0.2.0 | 3.57 | 44.93 | 48.50 | NOTE | |
r-devel-linux-x86_64-debian-gcc | 0.2.0 | 2.61 | 30.36 | 32.97 | NOTE | |
r-devel-linux-x86_64-fedora-clang | 0.2.0 | 77.70 | NOTE | |||
r-devel-linux-x86_64-fedora-gcc | 0.2.0 | 73.67 | NOTE | |||
r-devel-macos-arm64 | 0.2.0 | 27.00 | OK | |||
r-devel-macos-x86_64 | 0.2.0 | 53.00 | NOTE | |||
r-devel-windows-x86_64 | 0.2.0 | 5.00 | 65.00 | 70.00 | NOTE | |
r-patched-linux-x86_64 | 0.2.0 | 4.82 | 42.34 | 47.16 | OK | |
r-release-linux-x86_64 | 0.2.0 | 3.76 | 42.06 | 45.82 | OK | |
r-release-macos-arm64 | 0.2.0 | 26.00 | OK | |||
r-release-macos-x86_64 | 0.2.0 | 41.00 | OK | |||
r-release-windows-x86_64 | 0.2.0 | 6.00 | 63.00 | 69.00 | OK | |
r-oldrel-macos-arm64 | 0.2.0 | 29.00 | OK | |||
r-oldrel-macos-x86_64 | 0.2.0 | 50.00 | OK | |||
r-oldrel-windows-x86_64 | 0.2.0 | 7.00 | 83.00 | 90.00 | OK |
Version: 0.2.0
Check: DESCRIPTION meta-information
Result: NOTE
Missing dependency on R >= 4.1.0 because package code uses the pipe
|> or function shorthand \(...) syntax added in R 4.1.0.
File(s) using such syntax:
‘nap.R’ ‘randomization_test.R’ ‘scdtb.R’
Flavors: r-devel-linux-x86_64-debian-clang, r-devel-linux-x86_64-debian-gcc, r-devel-linux-x86_64-fedora-clang, r-devel-linux-x86_64-fedora-gcc, r-devel-macos-x86_64, r-devel-windows-x86_64