Last updated on 2025-07-20 12:49:36 CEST.
Flavor | Version | Tinstall | Tcheck | Ttotal | Status | Flags |
---|---|---|---|---|---|---|
r-devel-linux-x86_64-debian-clang | 0.2.0 | 2.98 | 48.12 | 51.10 | NOTE | |
r-devel-linux-x86_64-debian-gcc | 0.2.0 | 2.18 | 33.17 | 35.35 | NOTE | |
r-devel-linux-x86_64-fedora-clang | 0.2.0 | 82.22 | NOTE | |||
r-devel-linux-x86_64-fedora-gcc | 0.2.0 | 75.11 | NOTE | |||
r-devel-windows-x86_64 | 0.2.0 | 6.00 | 65.00 | 71.00 | NOTE | |
r-patched-linux-x86_64 | 0.2.0 | 3.86 | 44.38 | 48.24 | NOTE | |
r-release-linux-x86_64 | 0.2.0 | 2.94 | 44.57 | 47.51 | NOTE | |
r-release-macos-arm64 | 0.2.0 | 26.00 | NOTE | |||
r-release-macos-x86_64 | 0.2.0 | 53.00 | NOTE | |||
r-release-windows-x86_64 | 0.2.0 | 5.00 | 65.00 | 70.00 | NOTE | |
r-oldrel-macos-arm64 | 0.2.0 | 26.00 | OK | |||
r-oldrel-macos-x86_64 | 0.2.0 | 41.00 | OK | |||
r-oldrel-windows-x86_64 | 0.2.0 | 7.00 | 78.00 | 85.00 | OK |
Version: 0.2.0
Check: DESCRIPTION meta-information
Result: NOTE
Missing dependency on R >= 4.1.0 because package code uses the pipe
|> or function shorthand \(...) syntax added in R 4.1.0.
File(s) using such syntax:
‘nap.R’ ‘randomization_test.R’ ‘scdtb.R’
Flavors: r-devel-linux-x86_64-debian-clang, r-devel-linux-x86_64-debian-gcc, r-devel-linux-x86_64-fedora-clang, r-devel-linux-x86_64-fedora-gcc, r-devel-windows-x86_64, r-patched-linux-x86_64, r-release-linux-x86_64, r-release-macos-arm64, r-release-macos-x86_64, r-release-windows-x86_64