Last updated on 2025-07-10 12:48:34 CEST.
Flavor | Version | Tinstall | Tcheck | Ttotal | Status | Flags |
---|---|---|---|---|---|---|
r-devel-linux-x86_64-debian-clang | 1.1-4 | 11.00 | 81.87 | 92.87 | NOTE | |
r-devel-linux-x86_64-debian-gcc | 1.1-4 | 6.85 | 61.08 | 67.93 | NOTE | |
r-devel-linux-x86_64-fedora-clang | 1.1-4 | 143.55 | NOTE | |||
r-devel-linux-x86_64-fedora-gcc | 1.1-4 | 150.06 | NOTE | |||
r-devel-windows-x86_64 | 1.1-4 | 12.00 | 97.00 | 109.00 | NOTE | |
r-patched-linux-x86_64 | 1.1-4 | 12.19 | 79.51 | 91.70 | NOTE | |
r-release-linux-x86_64 | 1.1-4 | 9.88 | 79.70 | 89.58 | NOTE | |
r-release-macos-arm64 | 1.1-4 | 50.00 | NOTE | |||
r-release-macos-x86_64 | 1.1-4 | 93.00 | NOTE | |||
r-release-windows-x86_64 | 1.1-4 | 12.00 | 100.00 | 112.00 | NOTE | |
r-oldrel-macos-arm64 | 1.1-4 | 48.00 | NOTE | |||
r-oldrel-macos-x86_64 | 1.1-4 | 74.00 | NOTE | |||
r-oldrel-windows-x86_64 | 1.1-4 | 15.00 | 118.00 | 133.00 | NOTE |
Version: 1.1-4
Check: Rd files
Result: NOTE
checkRd: (-1) get.events.Rd:51: Lost braces
51 | code{\link[deSolve]{events}}
| ^
Flavors: r-devel-linux-x86_64-debian-clang, r-devel-linux-x86_64-debian-gcc, r-devel-linux-x86_64-fedora-clang, r-devel-linux-x86_64-fedora-gcc, r-devel-windows-x86_64, r-patched-linux-x86_64, r-release-linux-x86_64, r-release-macos-arm64, r-release-macos-x86_64, r-release-windows-x86_64, r-oldrel-macos-arm64, r-oldrel-macos-x86_64, r-oldrel-windows-x86_64