CRAN Package Check Results for Package scSorter

Last updated on 2025-04-29 01:49:47 CEST.

Flavor Version Tinstall Tcheck Ttotal Status Flags
r-devel-linux-x86_64-debian-clang 0.0.2 2.37 89.13 91.50 OK
r-devel-linux-x86_64-debian-gcc 0.0.2 1.77 60.15 61.92 OK
r-devel-linux-x86_64-fedora-clang 0.0.2 155.10 OK
r-devel-linux-x86_64-fedora-gcc 0.0.2 162.90 OK
r-devel-windows-x86_64 0.0.2 3.00 112.00 115.00 OK
r-patched-linux-x86_64 0.0.2 2.32 86.09 88.41 OK
r-release-linux-x86_64 0.0.2 2.13 85.65 87.78 OK
r-release-macos-arm64 0.0.2 95.00 OK
r-release-macos-x86_64 0.0.2 114.00 OK
r-release-windows-x86_64 0.0.2 4.00 118.00 122.00 OK
r-oldrel-macos-arm64 0.0.2 53.00 NOTE
r-oldrel-macos-x86_64 0.0.2 87.00 NOTE
r-oldrel-windows-x86_64 0.0.2 3.00 134.00 137.00 NOTE

Check Details

Version: 0.0.2
Check: LazyData
Result: NOTE 'LazyData' is specified without a 'data' directory Flavors: r-oldrel-macos-arm64, r-oldrel-macos-x86_64, r-oldrel-windows-x86_64