Last updated on 2024-07-13 12:48:27 CEST.
Flavor | Version | Tinstall | Tcheck | Ttotal | Status | Flags |
---|---|---|---|---|---|---|
r-devel-linux-x86_64-debian-clang | 1.2.2 | 11.08 | 263.90 | 274.98 | OK | |
r-devel-linux-x86_64-debian-gcc | 1.2.2 | 7.84 | 186.72 | 194.56 | OK | |
r-devel-linux-x86_64-fedora-clang | 1.2.2 | 327.14 | OK | |||
r-devel-linux-x86_64-fedora-gcc | 1.2.2 | 333.40 | OK | |||
r-devel-windows-x86_64 | 1.2.2 | 9.00 | 234.00 | 243.00 | NOTE | |
r-patched-linux-x86_64 | 1.2.2 | 10.14 | 248.89 | 259.03 | OK | |
r-release-linux-x86_64 | 1.2.2 | 9.29 | 249.01 | 258.30 | OK | |
r-release-macos-arm64 | 1.2.2 | 102.00 | OK | |||
r-release-macos-x86_64 | 1.2.2 | 206.00 | OK | |||
r-release-windows-x86_64 | 1.2.2 | 8.00 | 227.00 | 235.00 | OK | |
r-oldrel-macos-arm64 | 1.2.2 | 107.00 | OK | |||
r-oldrel-macos-x86_64 | 1.2.2 | 318.00 | OK | |||
r-oldrel-windows-x86_64 | 1.2.2 | 10.00 | 275.00 | 285.00 | OK |
Version: 1.2.2
Check: Rd cross-references
Result: NOTE
Found the following Rd file(s) with Rd \link{} targets missing package
anchors:
SPgroup2.Rd: SPgroup, snowprofileSet
SPspacetime.Rd: snowprofileSet
averageSP.Rd: snowprofileSet, snowprofile
averageSPalongSeason.Rd: snowprofileSet, snowprofile
chooseICavg.Rd: snowprofileSet, numberOfPWLsPerVerticalLevel
dtwSP.Rd: dtw
plotSPalignment.Rd: plot.snowprofile
sarp.snowprofile.alignment-package.Rd: SPpairs
Please provide package anchors for all Rd \link{} targets not in the
package itself and the base packages.
Flavor: r-devel-windows-x86_64