CRAN Package Check Results for Package saqgetr

Last updated on 2025-02-22 00:49:59 CET.

Flavor Version Tinstall Tcheck Ttotal Status Flags
r-devel-linux-x86_64-debian-clang 0.2.21 4.02 35.04 39.06 OK
r-devel-linux-x86_64-debian-gcc 0.2.21 2.49 26.15 28.64 OK
r-devel-linux-x86_64-fedora-clang 0.2.21 60.05 OK
r-devel-linux-x86_64-fedora-gcc 0.2.21 57.34 OK
r-devel-macos-arm64 0.2.21 29.00 OK
r-devel-macos-x86_64 0.2.21 42.00 OK
r-devel-windows-x86_64 0.2.21 6.00 61.00 67.00 OK
r-patched-linux-x86_64 0.2.21 3.60 32.94 36.54 NOTE
r-release-linux-x86_64 0.2.21 3.80 32.88 36.68 NOTE
r-release-macos-arm64 0.2.21 37.00 NOTE
r-release-macos-x86_64 0.2.21 39.00 NOTE
r-release-windows-x86_64 0.2.21 6.00 61.00 67.00 NOTE
r-oldrel-macos-arm64 0.2.21 55.00 NOTE
r-oldrel-macos-x86_64 0.2.21 38.00 NOTE
r-oldrel-windows-x86_64 0.2.21 7.00 106.00 113.00 NOTE

Check Details

Version: 0.2.21
Check: LazyData
Result: NOTE 'LazyData' is specified without a 'data' directory Flavors: r-patched-linux-x86_64, r-release-linux-x86_64, r-release-macos-arm64, r-release-macos-x86_64, r-release-windows-x86_64, r-oldrel-macos-arm64, r-oldrel-macos-x86_64, r-oldrel-windows-x86_64