CRAN Package Check Results for Package sanityTracker

Last updated on 2025-05-19 12:50:16 CEST.

Flavor Version Tinstall Tcheck Ttotal Status Flags
r-devel-linux-x86_64-debian-clang 0.1.0 2.22 28.92 31.14 OK
r-devel-linux-x86_64-debian-gcc 0.1.0 1.60 22.86 24.46 OK
r-devel-linux-x86_64-fedora-clang 0.1.0 52.55 OK
r-devel-linux-x86_64-fedora-gcc 0.1.0 61.46 OK
r-devel-windows-x86_64 0.1.0 3.00 66.00 69.00 OK
r-patched-linux-x86_64 0.1.0 2.58 27.35 29.93 OK
r-release-linux-x86_64 0.1.0 2.24 27.14 29.38 OK
r-release-macos-arm64 0.1.0 35.00 OK
r-release-macos-x86_64 0.1.0 46.00 OK
r-release-windows-x86_64 0.1.0 4.00 60.00 64.00 OK
r-oldrel-macos-arm64 0.1.0 26.00 NOTE
r-oldrel-macos-x86_64 0.1.0 41.00 NOTE
r-oldrel-windows-x86_64 0.1.0 4.00 58.00 62.00 NOTE

Check Details

Version: 0.1.0
Check: LazyData
Result: NOTE 'LazyData' is specified without a 'data' directory Flavors: r-oldrel-macos-arm64, r-oldrel-macos-x86_64, r-oldrel-windows-x86_64