Last updated on 2025-05-19 01:50:07 CEST.
Flavor | Version | Tinstall | Tcheck | Ttotal | Status | Flags |
---|---|---|---|---|---|---|
r-devel-linux-x86_64-debian-clang | 1.1.0 | 169.99 | 122.22 | 292.21 | OK | |
r-devel-linux-x86_64-debian-gcc | 1.1.0 | 124.15 | 86.53 | 210.68 | OK | |
r-devel-linux-x86_64-fedora-clang | 1.1.0 | 561.80 | OK | |||
r-devel-linux-x86_64-fedora-gcc | 1.1.0 | 573.76 | OK | |||
r-devel-windows-x86_64 | 1.1.0 | 198.00 | 176.00 | 374.00 | OK | |
r-patched-linux-x86_64 | 1.1.0 | 169.60 | 111.59 | 281.19 | OK | |
r-release-linux-x86_64 | 1.1.0 | 172.94 | 112.04 | 284.98 | OK | |
r-release-macos-arm64 | 1.1.0 | 130.00 | OK | |||
r-release-macos-x86_64 | 1.1.0 | 176.00 | OK | |||
r-release-windows-x86_64 | 1.1.0 | 195.00 | 158.00 | 353.00 | OK | |
r-oldrel-macos-arm64 | 1.1.0 | 117.00 | NOTE | |||
r-oldrel-macos-x86_64 | 1.1.0 | 179.00 | NOTE | |||
r-oldrel-windows-x86_64 | 1.1.0 | 223.00 | 201.00 | 424.00 | OK |
Version: 1.1.0
Check: installed package size
Result: NOTE
installed size is 15.0Mb
sub-directories of 1Mb or more:
libs 13.8Mb
Flavors: r-oldrel-macos-arm64, r-oldrel-macos-x86_64