Last updated on 2025-02-22 00:49:59 CET.
Flavor | Version | Tinstall | Tcheck | Ttotal | Status | Flags |
---|---|---|---|---|---|---|
r-devel-linux-x86_64-debian-clang | 1.1.1 | 4.77 | 49.14 | 53.91 | OK | |
r-devel-linux-x86_64-debian-gcc | 1.1.1 | 3.78 | 35.80 | 39.58 | OK | |
r-devel-linux-x86_64-fedora-clang | 1.1.1 | 85.01 | NOTE | |||
r-devel-linux-x86_64-fedora-gcc | 1.1.1 | 98.53 | NOTE | |||
r-devel-macos-arm64 | 1.1.1 | 35.00 | OK | |||
r-devel-macos-x86_64 | 1.1.1 | 76.00 | OK | |||
r-devel-windows-x86_64 | 1.1.1 | 7.00 | 72.00 | 79.00 | OK | |
r-patched-linux-x86_64 | 1.1.1 | 5.16 | 46.85 | 52.01 | OK | |
r-release-linux-x86_64 | 1.1.1 | 4.76 | 46.20 | 50.96 | OK | |
r-release-macos-arm64 | 1.1.1 | 35.00 | OK | |||
r-release-macos-x86_64 | 1.1.1 | 64.00 | OK | |||
r-release-windows-x86_64 | 1.1.1 | 7.00 | 63.00 | 70.00 | OK | |
r-oldrel-macos-arm64 | 1.1.1 | 39.00 | OK | |||
r-oldrel-macos-x86_64 | 1.1.1 | 59.00 | OK | |||
r-oldrel-windows-x86_64 | 1.1.1 | 9.00 | 68.00 | 77.00 | OK |
Version: 1.1.1
Check: dependencies in R code
Result: NOTE
Namespace in Imports field not imported from: ‘base’
All declared Imports should be used.
Flavors: r-devel-linux-x86_64-fedora-clang, r-devel-linux-x86_64-fedora-gcc