Last updated on 2025-02-22 00:49:59 CET.
Flavor | Version | Tinstall | Tcheck | Ttotal | Status | Flags |
---|---|---|---|---|---|---|
r-devel-linux-x86_64-debian-clang | 4.0.0 | 147.87 | 383.27 | 531.14 | OK | |
r-devel-linux-x86_64-debian-gcc | 4.0.0 | 113.41 | 264.21 | 377.62 | OK | |
r-devel-linux-x86_64-fedora-clang | 4.0.0 | 865.75 | OK | |||
r-devel-linux-x86_64-fedora-gcc | 4.0.0 | 914.13 | OK | |||
r-devel-macos-arm64 | 4.0.0 | 201.00 | OK | |||
r-devel-macos-x86_64 | 4.0.0 | 403.00 | OK | |||
r-devel-windows-x86_64 | 4.0.0 | 142.00 | 319.00 | 461.00 | OK | |
r-patched-linux-x86_64 | 4.0.0 | 152.12 | 372.57 | 524.69 | OK | |
r-release-linux-x86_64 | 4.0.0 | 158.37 | 364.74 | 523.11 | OK | |
r-release-macos-arm64 | 4.0.0 | 213.00 | NOTE | |||
r-release-macos-x86_64 | 4.0.0 | 335.00 | NOTE | |||
r-release-windows-x86_64 | 4.0.0 | 149.00 | 321.00 | 470.00 | OK | |
r-oldrel-macos-arm64 | 4.0.0 | 213.00 | NOTE | |||
r-oldrel-macos-x86_64 | 4.0.0 | 303.00 | NOTE | |||
r-oldrel-windows-x86_64 | 4.0.0 | 181.00 | 458.00 | 639.00 | OK |
Version: 4.0.0
Check: installed package size
Result: NOTE
installed size is 16.6Mb
sub-directories of 1Mb or more:
libs 15.5Mb
Flavors: r-release-macos-arm64, r-release-macos-x86_64, r-oldrel-macos-arm64, r-oldrel-macos-x86_64