Last updated on 2025-04-29 01:49:47 CEST.
Flavor | Version | Tinstall | Tcheck | Ttotal | Status | Flags |
---|---|---|---|---|---|---|
r-devel-linux-x86_64-debian-clang | 0.1.0 | 9.55 | 80.19 | 89.74 | OK | |
r-devel-linux-x86_64-debian-gcc | 0.1.0 | 6.72 | 55.23 | 61.95 | NOTE | |
r-devel-linux-x86_64-fedora-clang | 0.1.0 | 149.10 | OK | |||
r-devel-linux-x86_64-fedora-gcc | 0.1.0 | 132.88 | OK | |||
r-devel-windows-x86_64 | 0.1.0 | 11.00 | 86.00 | 97.00 | OK | |
r-patched-linux-x86_64 | 0.1.0 | 8.97 | 74.88 | 83.85 | OK | |
r-release-linux-x86_64 | 0.1.0 | 8.42 | 74.80 | 83.22 | OK | |
r-release-macos-arm64 | 0.1.0 | 41.00 | OK | |||
r-release-macos-x86_64 | 0.1.0 | 72.00 | OK | |||
r-release-windows-x86_64 | 0.1.0 | 10.00 | 87.00 | 97.00 | OK | |
r-oldrel-macos-arm64 | 0.1.0 | 39.00 | NOTE | |||
r-oldrel-macos-x86_64 | 0.1.0 | 60.00 | NOTE | |||
r-oldrel-windows-x86_64 | 0.1.0 | 13.00 | 106.00 | 119.00 | NOTE |
Version: 0.1.0
Check: CRAN incoming feasibility
Result: NOTE
Maintainer: ‘Norbert Krautenbacher <norbert.krautenbacher@tum.de>’
No Authors@R field in DESCRIPTION.
Please add one, modifying
Authors@R: c(person(given = "Norbert",
family = "Krautenbacher",
role = c("aut", "cre"),
email = "norbert.krautenbacher@tum.de"),
person(given = "Kevin",
family = "Strauss",
role = "aut"),
person(given = "Maximilian",
family = "Mandl",
role = "aut"),
person(given = "Christiane",
family = "Fuchs",
role = "aut"))
as necessary.
Flavor: r-devel-linux-x86_64-debian-gcc
Version: 0.1.0
Check: LazyData
Result: NOTE
'LazyData' is specified without a 'data' directory
Flavors: r-oldrel-macos-arm64, r-oldrel-macos-x86_64, r-oldrel-windows-x86_64