Last updated on 2024-08-16 12:49:19 CEST.
Flavor | Version | Tinstall | Tcheck | Ttotal | Status | Flags |
---|---|---|---|---|---|---|
r-devel-linux-x86_64-debian-clang | 0.1.0 | 1.77 | 38.28 | 40.05 | NOTE | |
r-devel-linux-x86_64-debian-gcc | 0.1.0 | 1.81 | 26.60 | 28.41 | NOTE | |
r-devel-linux-x86_64-fedora-clang | 0.1.0 | 65.94 | NOTE | |||
r-devel-linux-x86_64-fedora-gcc | 0.1.0 | 61.80 | NOTE | |||
r-devel-windows-x86_64 | 0.1.0 | 4.00 | 59.00 | 63.00 | NOTE | |
r-patched-linux-x86_64 | 0.1.0 | 1.86 | 36.09 | 37.95 | NOTE | |
r-release-linux-x86_64 | 0.1.0 | 2.30 | 36.06 | 38.36 | NOTE | |
r-release-macos-arm64 | 0.1.0 | 21.00 | NOTE | |||
r-release-macos-x86_64 | 0.1.0 | 33.00 | NOTE | |||
r-release-windows-x86_64 | 0.1.0 | 4.00 | 59.00 | 63.00 | NOTE | |
r-oldrel-macos-arm64 | 0.1.0 | 25.00 | NOTE | |||
r-oldrel-macos-x86_64 | 0.1.0 | 36.00 | NOTE | |||
r-oldrel-windows-x86_64 | 0.1.0 | 4.00 | 68.00 | 72.00 | NOTE |
Version: 0.1.0
Check: LazyData
Result: NOTE
'LazyData' is specified without a 'data' directory
Flavors: r-devel-linux-x86_64-debian-clang, r-devel-linux-x86_64-debian-gcc, r-devel-linux-x86_64-fedora-clang, r-devel-linux-x86_64-fedora-gcc, r-devel-windows-x86_64, r-patched-linux-x86_64, r-release-linux-x86_64, r-release-macos-arm64, r-release-macos-x86_64, r-release-windows-x86_64, r-oldrel-macos-arm64, r-oldrel-macos-x86_64, r-oldrel-windows-x86_64