Last updated on 2024-06-30 00:59:25 CEST.
Flavor | Version | Tinstall | Tcheck | Ttotal | Status | Flags |
---|---|---|---|---|---|---|
r-devel-linux-x86_64-debian-clang | 1.0.4 | 17.89 | 192.27 | 210.16 | OK | |
r-devel-linux-x86_64-debian-gcc | 1.0.4 | 18.22 | 140.24 | 158.46 | OK | |
r-devel-linux-x86_64-fedora-clang | 1.0.4 | 263.86 | NOTE | |||
r-devel-linux-x86_64-fedora-gcc | 1.0.4 | 268.04 | NOTE | |||
r-devel-windows-x86_64 | 1.0.4 | 20.00 | 152.00 | 172.00 | OK | |
r-patched-linux-x86_64 | 1.0.4 | 27.16 | 181.33 | 208.49 | OK | |
r-release-linux-x86_64 | 1.0.4 | 13.76 | 181.00 | 194.76 | OK | |
r-release-macos-arm64 | 1.0.4 | 84.00 | OK | |||
r-release-macos-x86_64 | 1.0.4 | 237.00 | OK | |||
r-release-windows-x86_64 | 1.0.4 | 20.00 | 152.00 | 172.00 | OK | |
r-oldrel-macos-arm64 | 1.0.4 | 84.00 | OK | |||
r-oldrel-macos-x86_64 | 1.0.4 | 162.00 | OK | |||
r-oldrel-windows-x86_64 | 1.0.4 | 23.00 | 192.00 | 215.00 | OK |
Version: 1.0.4
Check: data for non-ASCII characters
Result: NOTE
Note: found 63 marked Latin-1 strings
Flavors: r-devel-linux-x86_64-fedora-clang, r-devel-linux-x86_64-fedora-gcc