Last updated on 2025-07-20 01:49:40 CEST.
Flavor | Version | Tinstall | Tcheck | Ttotal | Status | Flags |
---|---|---|---|---|---|---|
r-devel-linux-x86_64-debian-clang | 0.5.0 | 34.27 | 208.22 | 242.49 | NOTE | |
r-devel-linux-x86_64-debian-gcc | 0.5.0 | 26.73 | 148.92 | 175.65 | NOTE | |
r-devel-linux-x86_64-fedora-clang | 0.5.0 | 416.66 | OK | |||
r-devel-linux-x86_64-fedora-gcc | 0.5.0 | 417.17 | OK | |||
r-devel-windows-x86_64 | 0.5.0 | 42.00 | 160.00 | 202.00 | OK | |
r-patched-linux-x86_64 | 0.5.0 | 33.55 | 220.36 | 253.91 | OK | |
r-release-linux-x86_64 | 0.5.0 | 34.58 | 223.44 | 258.02 | OK | |
r-release-macos-arm64 | 0.5.0 | 105.00 | OK | |||
r-release-macos-x86_64 | 0.5.0 | 188.00 | OK | |||
r-release-windows-x86_64 | 0.5.0 | 44.00 | 168.00 | 212.00 | OK | |
r-oldrel-macos-arm64 | 0.5.0 | 73.00 | OK | |||
r-oldrel-macos-x86_64 | 0.5.0 | 139.00 | OK | |||
r-oldrel-windows-x86_64 | 0.5.0 | 51.00 | 217.00 | 268.00 | OK |
Version: 0.5.0
Check: CRAN incoming feasibility
Result: NOTE
Maintainer: ‘Sebastian Warnholz <wahani@gmail.com>’
No Authors@R field in DESCRIPTION.
Please add one, modifying
Authors@R: person(given = "Sebastian",
family = "Warnholz",
role = c("aut", "cre"),
email = "wahani@gmail.com")
as necessary.
Flavors: r-devel-linux-x86_64-debian-clang, r-devel-linux-x86_64-debian-gcc