CRAN Package Check Results for Package saeHB.ZIB

Last updated on 2025-04-29 01:49:47 CEST.

Flavor Version Tinstall Tcheck Ttotal Status Flags
r-devel-linux-x86_64-debian-clang 0.1.1 2.00 26.10 28.10 OK
r-devel-linux-x86_64-debian-gcc 0.1.1 1.65 20.90 22.55 NOTE
r-devel-linux-x86_64-fedora-clang 0.1.1 48.14 OK
r-devel-linux-x86_64-fedora-gcc 0.1.1 59.00 OK
r-devel-windows-x86_64 0.1.1 3.00 48.00 51.00 OK
r-patched-linux-x86_64 0.1.1 2.15 25.64 27.79 OK
r-release-linux-x86_64 0.1.1 1.91 25.44 27.35 OK
r-release-macos-arm64 0.1.1 30.00 OK
r-release-macos-x86_64 0.1.1 46.00 OK
r-release-windows-x86_64 0.1.1 3.00 52.00 55.00 OK
r-oldrel-macos-arm64 0.1.1 24.00 OK
r-oldrel-macos-x86_64 0.1.1 35.00 OK
r-oldrel-windows-x86_64 0.1.1 4.00 52.00 56.00 OK

Check Details

Version: 0.1.1
Check: CRAN incoming feasibility
Result: NOTE Maintainer: ‘Rizqina Rahmati <221810583@stis.ac.id>’ No Authors@R field in DESCRIPTION. Please add one, modifying Authors@R: c(person(given = "Rizqina", family = "Rahmati", role = c("aut", "cre"), email = "221810583@stis.ac.id"), person(given = "Azka", family = "Ubaidillah", role = "aut")) as necessary. Flavor: r-devel-linux-x86_64-debian-gcc