Last updated on 2024-06-30 00:59:25 CEST.
Flavor | Version | Tinstall | Tcheck | Ttotal | Status | Flags |
---|---|---|---|---|---|---|
r-devel-linux-x86_64-debian-clang | 0.3.2 | 6.83 | 53.55 | 60.38 | OK | |
r-devel-linux-x86_64-debian-gcc | 0.3.2 | 5.13 | 39.38 | 44.51 | OK | |
r-devel-linux-x86_64-fedora-clang | 0.3.2 | 74.12 | NOTE | |||
r-devel-linux-x86_64-fedora-gcc | 0.3.2 | 70.11 | OK | |||
r-devel-windows-x86_64 | 0.3.2 | 8.00 | 61.00 | 69.00 | OK | |
r-patched-linux-x86_64 | 0.3.2 | 7.12 | 49.36 | 56.48 | OK | |
r-release-linux-x86_64 | 0.3.2 | 3.71 | 49.37 | 53.08 | OK | |
r-release-macos-arm64 | 0.3.2 | 24.00 | OK | |||
r-release-macos-x86_64 | 0.3.2 | 42.00 | OK | |||
r-release-windows-x86_64 | 0.3.2 | 8.00 | 60.00 | 68.00 | OK | |
r-oldrel-macos-arm64 | 0.3.2 | 30.00 | OK | |||
r-oldrel-macos-x86_64 | 0.3.2 | 44.00 | OK | |||
r-oldrel-windows-x86_64 | 0.3.2 | 9.00 | 68.00 | 77.00 | OK |
Version: 0.3.2
Check: Rd cross-references
Result: NOTE
Undeclared package ‘jsonlite’ in Rd xrefs
Flavor: r-devel-linux-x86_64-fedora-clang