Last updated on 2024-07-13 12:48:27 CEST.
Flavor | Version | Tinstall | Tcheck | Ttotal | Status | Flags |
---|---|---|---|---|---|---|
r-devel-linux-x86_64-debian-clang | 2.0.13 | 108.47 | 75.12 | 183.59 | OK | |
r-devel-linux-x86_64-debian-gcc | 2.0.13 | 71.01 | 55.94 | 126.95 | OK | |
r-devel-linux-x86_64-fedora-clang | 2.0.13 | 227.07 | OK | |||
r-devel-linux-x86_64-fedora-gcc | 2.0.13 | 258.55 | OK | |||
r-devel-windows-x86_64 | 2.0.13 | 80.00 | 106.00 | 186.00 | OK | |
r-patched-linux-x86_64 | 2.0.13 | 80.37 | 69.14 | 149.51 | OK | |
r-release-linux-x86_64 | 2.0.13 | 83.73 | 70.04 | 153.77 | OK | |
r-release-macos-arm64 | 2.0.13 | 64.00 | NOTE | |||
r-release-macos-x86_64 | 2.0.13 | 77.00 | NOTE | |||
r-release-windows-x86_64 | 2.0.13 | 84.00 | 102.00 | 186.00 | OK | |
r-oldrel-macos-arm64 | 2.0.13 | 63.00 | NOTE | |||
r-oldrel-macos-x86_64 | 2.0.13 | 108.00 | NOTE | |||
r-oldrel-windows-x86_64 | 2.0.13 | 108.00 | 116.00 | 224.00 | OK |
Version: 2.0.13
Check: installed package size
Result: NOTE
installed size is 6.9Mb
sub-directories of 1Mb or more:
libs 6.7Mb
Flavors: r-release-macos-arm64, r-release-macos-x86_64, r-oldrel-macos-arm64, r-oldrel-macos-x86_64