Last updated on 2024-07-13 12:48:27 CEST.
Flavor | Version | Tinstall | Tcheck | Ttotal | Status | Flags |
---|---|---|---|---|---|---|
r-devel-linux-x86_64-debian-clang | 1.0.1 | 11.06 | 159.46 | 170.52 | OK | |
r-devel-linux-x86_64-debian-gcc | 1.0.1 | 7.11 | 117.64 | 124.75 | OK | |
r-devel-linux-x86_64-fedora-clang | 1.0.1 | 207.21 | NOTE | |||
r-devel-linux-x86_64-fedora-gcc | 1.0.1 | 216.10 | NOTE | |||
r-devel-windows-x86_64 | 1.0.1 | 13.00 | 150.00 | 163.00 | OK | |
r-patched-linux-x86_64 | 1.0.1 | 10.96 | 151.51 | 162.47 | OK | |
r-release-linux-x86_64 | 1.0.1 | 5.76 | 150.85 | 156.61 | OK | |
r-release-macos-arm64 | 1.0.1 | 98.00 | OK | |||
r-release-macos-x86_64 | 1.0.1 | 177.00 | OK | |||
r-release-windows-x86_64 | 1.0.1 | 11.00 | 148.00 | 159.00 | OK | |
r-oldrel-macos-arm64 | 1.0.1 | 107.00 | NOTE | |||
r-oldrel-macos-x86_64 | 1.0.1 | 171.00 | NOTE | |||
r-oldrel-windows-x86_64 | 1.0.1 | 12.00 | 173.00 | 185.00 | OK |
Version: 1.0.1
Check: data for non-ASCII characters
Result: NOTE
Note: found 12 marked UTF-8 strings
Flavors: r-devel-linux-x86_64-fedora-clang, r-devel-linux-x86_64-fedora-gcc
Version: 1.0.1
Check: package dependencies
Result: NOTE
Packages suggested but not available for checking:
'BiocPkgTools', 'biocViews'
Flavors: r-oldrel-macos-arm64, r-oldrel-macos-x86_64
Version: 1.0.1
Check: Rd cross-references
Result: NOTE
Packages unavailable to check Rd xrefs: ‘BiocPkgTools’, ‘biocViews’
Flavors: r-oldrel-macos-arm64, r-oldrel-macos-x86_64