Last updated on 2025-04-29 01:49:46 CEST.
Flavor | Version | Tinstall | Tcheck | Ttotal | Status | Flags |
---|---|---|---|---|---|---|
r-devel-linux-x86_64-debian-clang | 1.4.2 | 3.88 | 70.58 | 74.46 | OK | |
r-devel-linux-x86_64-debian-gcc | 1.4.2 | 2.68 | 47.90 | 50.58 | NOTE | |
r-devel-linux-x86_64-fedora-clang | 1.4.2 | 127.13 | OK | |||
r-devel-linux-x86_64-fedora-gcc | 1.4.2 | 132.10 | OK | |||
r-devel-windows-x86_64 | 1.4.2 | 4.00 | 89.00 | 93.00 | OK | |
r-patched-linux-x86_64 | 1.4.2 | 4.14 | 67.27 | 71.41 | OK | |
r-release-linux-x86_64 | 1.4.2 | 3.57 | 67.54 | 71.11 | OK | |
r-release-macos-arm64 | 1.4.2 | 52.00 | OK | |||
r-release-macos-x86_64 | 1.4.2 | 85.00 | OK | |||
r-release-windows-x86_64 | 1.4.2 | 6.00 | 89.00 | 95.00 | OK | |
r-oldrel-macos-arm64 | 1.4.2 | 43.00 | OK | |||
r-oldrel-macos-x86_64 | 1.4.2 | 62.00 | OK | |||
r-oldrel-windows-x86_64 | 1.4.2 | 7.00 | 106.00 | 113.00 | OK |
Version: 1.4.2
Check: CRAN incoming feasibility
Result: NOTE
Maintainer: ‘Alun Thomas <Alun.Thomas@utah.edu>’
No Authors@R field in DESCRIPTION.
Please add one, modifying
Authors@R: person(given = "Alun",
family = "Thomas",
role = c("aut", "cre"),
email = "alun.thomas@utah.edu")
as necessary.
Flavor: r-devel-linux-x86_64-debian-gcc