Last updated on 2025-04-29 01:49:46 CEST.
Flavor | Version | Tinstall | Tcheck | Ttotal | Status | Flags |
---|---|---|---|---|---|---|
r-devel-linux-x86_64-debian-clang | 0.3.1 | 22.21 | 315.83 | 338.04 | OK | |
r-devel-linux-x86_64-debian-gcc | 0.3.1 | 13.28 | 208.85 | 222.13 | NOTE | |
r-devel-linux-x86_64-fedora-clang | 0.3.1 | 485.02 | OK | |||
r-devel-linux-x86_64-fedora-gcc | 0.3.1 | 524.11 | OK | |||
r-devel-windows-x86_64 | 0.3.1 | 25.00 | 326.00 | 351.00 | OK | |
r-patched-linux-x86_64 | 0.3.1 | 18.93 | 300.21 | 319.14 | OK | |
r-release-linux-x86_64 | 0.3.1 | 21.59 | 301.45 | 323.04 | OK | |
r-release-macos-arm64 | 0.3.1 | 154.00 | OK | |||
r-release-macos-x86_64 | 0.3.1 | 487.00 | OK | |||
r-release-windows-x86_64 | 0.3.1 | 27.00 | 329.00 | 356.00 | OK | |
r-oldrel-macos-arm64 | 0.3.1 | 154.00 | OK | |||
r-oldrel-macos-x86_64 | 0.3.1 | 214.00 | OK | |||
r-oldrel-windows-x86_64 | 0.3.1 | 33.00 | 439.00 | 472.00 | OK |
Version: 0.3.1
Check: examples
Result: NOTE
Examples with CPU (user + system) or elapsed time > 5s
user system elapsed
mk_figure_ind_obs 4.661 0.031 6.093
NCA_fetch_current_obj 4.186 0.058 5.318
NCA_append_report 3.605 0.131 5.560
run_nca_components 3.639 0.083 5.680
NCA_process_current_ana 3.369 0.098 5.390
mk_table_nca_params 3.357 0.017 5.051
nca_builder 3.228 0.048 5.134
Flavor: r-devel-linux-x86_64-debian-gcc