Last updated on 2025-07-20 12:49:36 CEST.
Flavor | Version | Tinstall | Tcheck | Ttotal | Status | Flags |
---|---|---|---|---|---|---|
r-devel-linux-x86_64-debian-clang | 0.1.6 | 15.78 | 133.70 | 149.48 | OK | |
r-devel-linux-x86_64-debian-gcc | 0.1.6 | 11.12 | 91.18 | 102.30 | OK | |
r-devel-linux-x86_64-fedora-clang | 0.1.6 | 244.98 | OK | |||
r-devel-linux-x86_64-fedora-gcc | 0.1.6 | 249.69 | OK | |||
r-devel-windows-x86_64 | 0.1.6 | 19.00 | 184.00 | 203.00 | WARN | |
r-patched-linux-x86_64 | 0.1.6 | 16.48 | 125.42 | 141.90 | OK | |
r-release-linux-x86_64 | 0.1.6 | 16.20 | 127.09 | 143.29 | OK | |
r-release-macos-arm64 | 0.1.6 | 80.00 | OK | |||
r-release-macos-x86_64 | 0.1.6 | 185.00 | OK | |||
r-release-windows-x86_64 | 0.1.6 | 18.00 | 192.00 | 210.00 | OK | |
r-oldrel-macos-arm64 | 0.1.6 | 76.00 | OK | |||
r-oldrel-macos-x86_64 | 0.1.6 | 142.00 | OK | |||
r-oldrel-windows-x86_64 | 0.1.6 | 18.00 | 227.00 | 245.00 | OK |
Version: 0.1.6
Check: whether package can be installed
Result: WARN
Found the following significant warnings:
dtw_functions.cpp:93:17: warning: array subscript [-2147483647, -1] is outside array bounds of 'void []' [-Warray-bounds=]
See 'd:/Rcompile/CRANpkg/local/4.6/rucrdtw.Rcheck/00install.out' for details.
* used C++ compiler: 'g++.exe (GCC) 14.2.0'
Flavor: r-devel-windows-x86_64