CRAN Package Check Results for Package rtrends

Last updated on 2025-04-29 01:49:46 CEST.

Flavor Version Tinstall Tcheck Ttotal Status Flags
r-devel-linux-x86_64-debian-clang 0.1.0 1.74 17.60 19.34 OK
r-devel-linux-x86_64-debian-gcc 0.1.0 1.36 14.87 16.23 NOTE
r-devel-linux-x86_64-fedora-clang 0.1.0 32.13 NOTE
r-devel-linux-x86_64-fedora-gcc 0.1.0 29.92 NOTE
r-devel-windows-x86_64 0.1.0 3.00 39.00 42.00 OK
r-patched-linux-x86_64 0.1.0 1.97 17.31 19.28 OK
r-release-linux-x86_64 0.1.0 1.31 17.46 18.77 OK
r-release-macos-arm64 0.1.0 17.00 OK
r-release-macos-x86_64 0.1.0 25.00 OK
r-release-windows-x86_64 0.1.0 4.00 41.00 45.00 OK
r-oldrel-macos-arm64 0.1.0 15.00 OK
r-oldrel-macos-x86_64 0.1.0 25.00 OK
r-oldrel-windows-x86_64 0.1.0 4.00 42.00 46.00 OK

Check Details

Version: 0.1.0
Check: CRAN incoming feasibility
Result: NOTE Maintainer: ‘Avi Blinder <aviblinder@gmail.com>’ No Authors@R field in DESCRIPTION. Please add one, modifying Authors@R: person(given = "Avi", family = "Blinder", role = c("aut", "cre"), email = "aviblinder@gmail.com") as necessary. Flavor: r-devel-linux-x86_64-debian-gcc

Version: 0.1.0
Check: dependencies in R code
Result: NOTE Namespace in Imports field not imported from: ‘dplyr’ All declared Imports should be used. Flavors: r-devel-linux-x86_64-fedora-clang, r-devel-linux-x86_64-fedora-gcc