Last updated on 2025-04-29 01:49:46 CEST.
Flavor | Version | Tinstall | Tcheck | Ttotal | Status | Flags |
---|---|---|---|---|---|---|
r-devel-linux-x86_64-debian-clang | 0.27 | 4.75 | 32.75 | 37.50 | OK | |
r-devel-linux-x86_64-debian-gcc | 0.27 | 3.18 | 25.13 | 28.31 | NOTE | |
r-devel-linux-x86_64-fedora-clang | 0.27 | 59.91 | OK | |||
r-devel-linux-x86_64-fedora-gcc | 0.27 | 55.31 | OK | |||
r-devel-windows-x86_64 | 0.27 | 11.00 | 55.00 | 66.00 | OK | |
r-patched-linux-x86_64 | 0.27 | 4.84 | 31.51 | 36.35 | OK | |
r-release-linux-x86_64 | 0.27 | 4.18 | 31.78 | 35.96 | OK | |
r-release-macos-arm64 | 0.27 | 29.00 | OK | |||
r-release-macos-x86_64 | 0.27 | 54.00 | OK | |||
r-release-windows-x86_64 | 0.27 | 10.00 | 68.00 | 78.00 | OK | |
r-oldrel-macos-arm64 | 0.27 | 23.00 | NOTE | |||
r-oldrel-macos-x86_64 | 0.27 | 36.00 | NOTE | |||
r-oldrel-windows-x86_64 | 0.27 | 10.00 | 60.00 | 70.00 | NOTE |
Version: 0.27
Check: DESCRIPTION meta-information
Result: NOTE
Author field differs from that derived from Authors@R
Author: ‘JJ Allaire [aut], Yihui Xie [aut] (<https://orcid.org/0000-0003-0645-5666>), Christophe Dervieux [aut, cre] (<https://orcid.org/0000-0003-4474-2498>), Posit Software, PBC [cph, fnd], R Foundation [aut, cph], Hadley Wickham [aut], Journal of Statistical Software [aut, cph], Ramnath Vaidyanathan [aut, cph], Association for Computing Machinery [aut, cph], Carl Boettiger [aut, cph], Elsevier [aut, cph], Karl Broman [aut, cph], Kirill Mueller [aut, cph], Bastiaan Quast [aut, cph], Randall Pruim [aut, cph], Ben Marwick [aut, cph], Charlotte Wickham [aut, cph], Oliver Keyes [aut, cph], Miao Yu [aut, cph], Daniel Emaasit [aut, cph], Thierry Onkelinx [aut, cph], Alessandro Gasparini [aut, cph] (<https://orcid.org/0000-0002-8319-7624>), Marc-Andre Desautels [aut, cph], Dominik Leutnant [aut, cph] (<https://orcid.org/0000-0003-3293-2315>), MDPI [aut, cph], Taylor and Francis [aut, cph], Oğuzhan Öğreden [aut] (<https://orcid.org/0000-0002-9949-3348>), Dalton Hance [aut], Daniel Nüst [aut, cph] (<https://orcid.org/0000-0002-0024-5046>), Petter Uvesten [aut, cph], Elio Campitelli [aut, cph] (<https://orcid.org/0000-0002-7742-9230>), John Muschelli [aut, cph] (<https://orcid.org/0000-0001-6469-1750>), Alex Hayes [aut] (<https://orcid.org/0000-0002-4985-5160>), Zhian N. Kamvar [aut, cph] (<https://orcid.org/0000-0003-1458-7108>), Noam Ross [aut, cph] (<https://orcid.org/0000-0002-2136-0000>), Robrecht Cannoodt [aut, cph] (<https://orcid.org/0000-0003-3641-729X>, rcannood), Duncan Luguern [aut], David M. Kaplan [aut, ctb] (<https://orcid.org/0000-0001-6087-359X>, dmkaplan2000), Sebastian Kreutzer [aut] (<https://orcid.org/0000-0002-0734-2199>), Shixiang Wang [aut, ctb] (<https://orcid.org/0000-0001-9855-7357>), Jay Hesselberth [aut, ctb] (<https://orcid.org/0000-0002-6299-179X>), Alfredo Hernández [ctb] (<https://orcid.org/0000-0002-2660-4545>), Stefano Coretta [ctb] (<https://orcid.org/0000-0001-9627-5532>, stefanocoretta), Greg Macfarlane [ctb] (gregmacfarlane), Matthias Templ [ctb] (<https://orcid.org/0000-0002-8638-5276>, matthias-da), Alvaro Uzaheta [ctb] (auzaheta), JooYoung Seo [ctb] (<https://orcid.org/0000-0002-4064-6012>), Callum Arnold [ctb] (arnold-c), Rob Hyndman [aut] (<https://orcid.org/0000-0002-2140-5352>), Dmytro Perepolkin [ctb] (<https://orcid.org/0000-0001-8558-6183>, dmi3kno), Tom Palmer [ctb] (<https://orcid.org/0000-0003-4655-4511>, remlapmot)’
Authors@R: ‘JJ Allaire [aut], Yihui Xie [aut] (ORCID: <https://orcid.org/0000-0003-0645-5666>), Christophe Dervieux [aut, cre] (ORCID: <https://orcid.org/0000-0003-4474-2498>), Posit Software, PBC [cph, fnd], R Foundation [aut, cph], Hadley Wickham [aut], Journal of Statistical Software [aut, cph], Ramnath Vaidyanathan [aut, cph], Association for Computing Machinery [aut, cph], Carl Boettiger [aut, cph], Elsevier [aut, cph], Karl Broman [aut, cph], Kirill Mueller [aut, cph], Bastiaan Quast [aut, cph], Randall Pruim [aut, cph], Ben Marwick [aut, cph], Charlotte Wickham [aut, cph], Oliver Keyes [aut, cph], Miao Yu [aut, cph], Daniel Emaasit [aut, cph], Thierry Onkelinx [aut, cph], Alessandro Gasparini [aut, cph] (ORCID: <https://orcid.org/0000-0002-8319-7624>), Marc-Andre Desautels [aut, cph], Dominik Leutnant [aut, cph] (ORCID: <https://orcid.org/0000-0003-3293-2315>), MDPI [aut, cph], Taylor and Francis [aut, cph], Oğuzhan Öğreden [aut] (ORCID: <https://orcid.org/0000-0002-9949-3348>), Dalton Hance [aut], Daniel Nüst [aut, cph] (ORCID: <https://orcid.org/0000-0002-0024-5046>), Petter Uvesten [aut, cph], Elio Campitelli [aut, cph] (ORCID: <https://orcid.org/0000-0002-7742-9230>), John Muschelli [aut, cph] (ORCID: <https://orcid.org/0000-0001-6469-1750>), Alex Hayes [aut] (ORCID: <https://orcid.org/0000-0002-4985-5160>), Zhian N. Kamvar [aut, cph] (ORCID: <https://orcid.org/0000-0003-1458-7108>), Noam Ross [aut, cph] (ORCID: <https://orcid.org/0000-0002-2136-0000>), Robrecht Cannoodt [aut, cph] (ORCID: <https://orcid.org/0000-0003-3641-729X>, github: rcannood), Duncan Luguern [aut], David M. Kaplan [aut, ctb] (ORCID: <https://orcid.org/0000-0001-6087-359X>, github: dmkaplan2000), Sebastian Kreutzer [aut] (ORCID: <https://orcid.org/0000-0002-0734-2199>), Shixiang Wang [aut, ctb] (ORCID: <https://orcid.org/0000-0001-9855-7357>), Jay Hesselberth [aut, ctb] (ORCID: <https://orcid.org/0000-0002-6299-179X>), Alfredo Hernández [ctb] (ORCID: <https://orcid.org/0000-0002-2660-4545>), Stefano Coretta [ctb] (ORCID: <https://orcid.org/0000-0001-9627-5532>, github: stefanocoretta), Greg Macfarlane [ctb] (github: gregmacfarlane), Matthias Templ [ctb] (ORCID: <https://orcid.org/0000-0002-8638-5276>, github: matthias-da), Alvaro Uzaheta [ctb] (github: auzaheta), JooYoung Seo [ctb] (ORCID: <https://orcid.org/0000-0002-4064-6012>), Callum Arnold [ctb] (github: arnold-c), Rob Hyndman [aut] (ORCID: <https://orcid.org/0000-0002-2140-5352>), Dmytro Perepolkin [ctb] (ORCID: <https://orcid.org/0000-0001-8558-6183>, github: dmi3kno), Tom Palmer [ctb] (ORCID: <https://orcid.org/0000-0003-4655-4511>, github: remlapmot)’
Flavor: r-devel-linux-x86_64-debian-gcc
Version: 0.27
Check: installed package size
Result: NOTE
installed size is 11.4Mb
sub-directories of 1Mb or more:
rmarkdown 11.1Mb
Flavors: r-oldrel-macos-arm64, r-oldrel-macos-x86_64, r-oldrel-windows-x86_64
Version: 0.27
Check: for GNU extensions in Makefiles
Result: NOTE
GNU make is a SystemRequirements.
Flavors: r-oldrel-macos-arm64, r-oldrel-macos-x86_64, r-oldrel-windows-x86_64