Last updated on 2025-04-29 01:49:46 CEST.
Flavor | Version | Tinstall | Tcheck | Ttotal | Status | Flags |
---|---|---|---|---|---|---|
r-devel-linux-x86_64-debian-clang | 0.2.8 | 6.72 | 36.58 | 43.30 | OK | |
r-devel-linux-x86_64-debian-gcc | 0.2.8 | 5.01 | 27.64 | 32.65 | NOTE | |
r-devel-linux-x86_64-fedora-clang | 0.2.8 | 69.67 | OK | |||
r-devel-linux-x86_64-fedora-gcc | 0.2.8 | 64.04 | OK | |||
r-devel-windows-x86_64 | 0.2.8 | 11.00 | 55.00 | 66.00 | OK | |
r-patched-linux-x86_64 | 0.2.8 | 5.83 | 35.38 | 41.21 | OK | |
r-release-linux-x86_64 | 0.2.8 | 6.11 | 34.91 | 41.02 | OK | |
r-release-macos-arm64 | 0.2.8 | 25.00 | OK | |||
r-release-macos-x86_64 | 0.2.8 | 60.00 | OK | |||
r-release-windows-x86_64 | 0.2.8 | 11.00 | 59.00 | 70.00 | OK | |
r-oldrel-macos-arm64 | 0.2.8 | 24.00 | OK | |||
r-oldrel-macos-x86_64 | 0.2.8 | 33.00 | OK | |||
r-oldrel-windows-x86_64 | 0.2.8 | 13.00 | 66.00 | 79.00 | OK |
Version: 0.2.8
Check: CRAN incoming feasibility
Result: NOTE
Maintainer: ‘Mark van der Loo <mark.vanderloo@gmail.com>’
No Authors@R field in DESCRIPTION.
Please add one, modifying
Authors@R: person(given = "Mark",
family = "van der Loo",
role = c("aut", "cre"),
email = "mark.vanderloo@gmail.com")
as necessary.
Flavor: r-devel-linux-x86_64-debian-gcc