CRAN Package Check Results for Package rpart.LAD

Last updated on 2025-07-20 12:49:36 CEST.

Flavor Version Tinstall Tcheck Ttotal Status Flags
r-devel-linux-x86_64-debian-clang 0.1.3 14.37 23.74 38.11 NOTE
r-devel-linux-x86_64-debian-gcc 0.1.3 10.19 19.62 29.81 NOTE
r-devel-linux-x86_64-fedora-clang 0.1.3 68.94 OK
r-devel-linux-x86_64-fedora-gcc 0.1.3 64.06 OK
r-devel-windows-x86_64 0.1.3 17.00 63.00 80.00 OK
r-patched-linux-x86_64 0.1.3 14.16 22.61 36.77 OK
r-release-linux-x86_64 0.1.3 14.72 22.52 37.24 OK
r-release-macos-arm64 0.1.3 22.00 OK
r-release-macos-x86_64 0.1.3 34.00 OK
r-release-windows-x86_64 0.1.3 18.00 63.00 81.00 OK
r-oldrel-macos-arm64 0.1.3 22.00 OK
r-oldrel-macos-x86_64 0.1.3 31.00 OK
r-oldrel-windows-x86_64 0.1.3 17.00 77.00 94.00 OK

Check Details

Version: 0.1.3
Check: CRAN incoming feasibility
Result: NOTE Maintainer: ‘Stephan Dlugosz <stephan.dlugosz@googlemail.com>’ No Authors@R field in DESCRIPTION. Please add one, modifying Authors@R: person(given = "Stephan", family = "Dlugosz", role = c("aut", "cre"), email = "stephan.dlugosz@googlemail.com") as necessary. Flavors: r-devel-linux-x86_64-debian-clang, r-devel-linux-x86_64-debian-gcc