Last updated on 2024-07-13 12:48:26 CEST.
Flavor | Version | Tinstall | Tcheck | Ttotal | Status | Flags |
---|---|---|---|---|---|---|
r-devel-linux-x86_64-debian-clang | 0.3.12 | 16.69 | 116.17 | 132.86 | OK | |
r-devel-linux-x86_64-debian-gcc | 0.3.12 | 11.22 | 85.43 | 96.65 | OK | |
r-devel-linux-x86_64-fedora-clang | 0.3.12 | 167.28 | OK | |||
r-devel-linux-x86_64-fedora-gcc | 0.3.12 | 155.12 | OK | |||
r-devel-windows-x86_64 | 0.3.12 | 15.00 | 107.00 | 122.00 | NOTE | |
r-patched-linux-x86_64 | 0.3.12 | 24.26 | 112.91 | 137.17 | OK | |
r-release-linux-x86_64 | 0.3.12 | 10.37 | 112.71 | 123.08 | OK | |
r-release-macos-arm64 | 0.3.12 | 48.00 | OK | |||
r-release-macos-x86_64 | 0.3.12 | 98.00 | OK | |||
r-release-windows-x86_64 | 0.3.12 | 15.00 | 108.00 | 123.00 | OK | |
r-oldrel-macos-arm64 | 0.3.12 | 48.00 | OK | |||
r-oldrel-macos-x86_64 | 0.3.12 | 73.00 | NOTE | |||
r-oldrel-windows-x86_64 | 0.3.12 | 21.00 | 128.00 | 149.00 | OK |
Version: 0.3.12
Check: Rd cross-references
Result: NOTE
Found the following Rd file(s) with Rd \link{} targets missing package
anchors:
fanova.Rd: leveneTest, lmer, Anova
formatPvalue.Rd: noZero, formatCI
formatR.Rd: noZero, formatCI
ggBoxplot.Rd: ggplot, geom_boxplot
ggqq.Rd: ggplot
oneway.Rd: leveneTest
Please provide package anchors for all Rd \link{} targets not in the
package itself and the base packages.
Flavor: r-devel-windows-x86_64
Version: 0.3.12
Check: package dependencies
Result: NOTE
Package suggested but not available for checking: ‘MBESS’
Flavor: r-oldrel-macos-x86_64