Last updated on 2025-04-29 01:49:46 CEST.
Flavor | Version | Tinstall | Tcheck | Ttotal | Status | Flags |
---|---|---|---|---|---|---|
r-devel-linux-x86_64-debian-clang | 0.1-7 | 13.69 | 143.24 | 156.93 | OK | |
r-devel-linux-x86_64-debian-gcc | 0.1-7 | 9.67 | 99.07 | 108.74 | NOTE | |
r-devel-linux-x86_64-fedora-clang | 0.1-7 | 242.85 | OK | |||
r-devel-linux-x86_64-fedora-gcc | 0.1-7 | 234.62 | OK | |||
r-devel-windows-x86_64 | 0.1-7 | 22.00 | 158.00 | 180.00 | OK | |
r-patched-linux-x86_64 | 0.1-7 | 12.37 | 142.78 | 155.15 | OK | |
r-release-linux-x86_64 | 0.1-7 | 11.76 | 144.57 | 156.33 | OK | |
r-release-macos-arm64 | 0.1-7 | 75.00 | OK | |||
r-release-macos-x86_64 | 0.1-7 | 147.00 | OK | |||
r-release-windows-x86_64 | 0.1-7 | 23.00 | 156.00 | 179.00 | OK | |
r-oldrel-macos-arm64 | 0.1-7 | 76.00 | OK | |||
r-oldrel-macos-x86_64 | 0.1-7 | 115.00 | OK | |||
r-oldrel-windows-x86_64 | 0.1-7 | 28.00 | 211.00 | 239.00 | OK |
Version: 0.1-7
Check: CRAN incoming feasibility
Result: NOTE
Maintainer: ‘Claudio Agostinelli <claudio.agostinelli@unitn.it>’
No Authors@R field in DESCRIPTION.
Please add one, modifying
Authors@R: c(person(given = "Claudio",
family = "Agostinelli",
role = c("aut", "cre"),
email = "claudio.agostinelli@unitn.it"),
person(given = c("Victor", "J."),
family = "Yohai",
role = "aut",
email = "victoryohai@gmail.com"))
as necessary.
Package CITATION file contains call(s) to old-style personList() or
as.personList(). Please use c() on person objects instead.
Package CITATION file contains call(s) to old-style citEntry(). Please
use bibentry() instead.
Flavor: r-devel-linux-x86_64-debian-gcc