Last updated on 2025-04-29 01:49:46 CEST.
Flavor | Version | Tinstall | Tcheck | Ttotal | Status | Flags |
---|---|---|---|---|---|---|
r-devel-linux-x86_64-debian-clang | 0.1-6.1 | 1.78 | 17.77 | 19.55 | OK | |
r-devel-linux-x86_64-debian-gcc | 0.1-6.1 | 1.46 | 14.80 | 16.26 | NOTE | |
r-devel-linux-x86_64-fedora-clang | 0.1-6.1 | 31.93 | OK | |||
r-devel-linux-x86_64-fedora-gcc | 0.1-6.1 | 30.00 | OK | |||
r-devel-windows-x86_64 | 0.1-6.1 | 3.00 | 40.00 | 43.00 | OK | |
r-patched-linux-x86_64 | 0.1-6.1 | 2.06 | 17.47 | 19.53 | OK | |
r-release-linux-x86_64 | 0.1-6.1 | 1.76 | 17.42 | 19.18 | OK | |
r-release-macos-arm64 | 0.1-6.1 | 16.00 | OK | |||
r-release-macos-x86_64 | 0.1-6.1 | 24.00 | OK | |||
r-release-windows-x86_64 | 0.1-6.1 | 4.00 | 38.00 | 42.00 | OK | |
r-oldrel-macos-arm64 | 0.1-6.1 | 19.00 | OK | |||
r-oldrel-macos-x86_64 | 0.1-6.1 | 19.00 | OK | |||
r-oldrel-windows-x86_64 | 0.1-6.1 | 4.00 | 44.00 | 48.00 | OK |
Version: 0.1-6.1
Check: CRAN incoming feasibility
Result: NOTE
Maintainer: ‘Paul Smirnov <s.paul@mail.ru>’
No Authors@R field in DESCRIPTION.
Please add one, modifying
Authors@R: person(given = "Paul",
family = "Smirnov",
role = c("aut", "cre"),
email = "s.paul@mail.ru")
as necessary.
Flavor: r-devel-linux-x86_64-debian-gcc